{"id":1062,"date":"2017-01-05T18:01:26","date_gmt":"2017-01-05T18:01:26","guid":{"rendered":"http:\/\/kleinvielen-ev.de\/?page_id=1062"},"modified":"2017-04-19T09:50:29","modified_gmt":"2017-04-19T09:50:29","slug":"naturschutzgebiet-klein-vielener-see","status":"publish","type":"page","link":"https:\/\/kleinvielen-ev.de\/?page_id=1062","title":{"rendered":"NSG &#8222;Klein Vielener See&#8220;"},"content":{"rendered":"<div class=\"mceTemp\"><\/div>\n<p>Das Naturschutzgebiet (NSG) &#8222;Klein Vielener See&#8220; hat <img loading=\"lazy\" decoding=\"async\" class=\"wp-image-1492 alignright\" src=\"http:\/\/kleinvielen-ev.de\/wp-content\/uploads\/2017\/01\/nsg-klein-vielen2-240x300.jpg\" alt=\"\" width=\"207\" height=\"259\" srcset=\"https:\/\/kleinvielen-ev.de\/wp-content\/uploads\/2017\/01\/nsg-klein-vielen2-240x300.jpg 240w, https:\/\/kleinvielen-ev.de\/wp-content\/uploads\/2017\/01\/nsg-klein-vielen2-768x960.jpg 768w, https:\/\/kleinvielen-ev.de\/wp-content\/uploads\/2017\/01\/nsg-klein-vielen2-819x1024.jpg 819w, https:\/\/kleinvielen-ev.de\/wp-content\/uploads\/2017\/01\/nsg-klein-vielen2.jpg 900w\" sizes=\"(max-width: 207px) 100vw, 207px\" \/><br \/>\neine Gr\u00f6\u00dfe von 162 ha.<br \/>\nDer Klein Vielener See gilt als typischer eiszeitlicher Rinnensee und . Er ist ungef\u00e4hr 2300 Meter lang und bis zu 550 Meter breit und hat damit eine Gr\u00f6\u00dfe von etwa 95 ha sowie ein Einzugsgebiet von 3,4 km\u00b2. Im nord\u00f6stlichen Teil liegt eine kleine, bewaldete Insel . An das Nordufer grenzt das Waldgebiet <em>Hufenholz<\/em> an den See. Die H\u00f6hen um den See erreichen im S\u00fcden mit dem Seeberg 73,5\u00a0m\u00a0\u00fcber NHN. \u00d6stlich des Sees verl\u00e4uft die Bundesstra\u00dfe 193.<br \/>\nDer Antrag auf Unterschutzstellung wurde 1990 gestellt, weil der See als wichtiges Brut- und Rastgew\u00e4sser f\u00fcr viele Wasserv\u00f6gel sowie als Nahrungsgebiet f\u00fcr vom Aussterben bedrohte Arten diente. Au\u00dferdem ist der See ein wichtiges \u00dcberwinterungs- und Schlafgew\u00e4sser nordischer G\u00e4nse-, Enten- und S\u00e4gerarten. Die Unterschutzstellung erfolgte am 7.\u00a0Juli 1993 mit einer Erweiterung im Jahr 1996.<br \/>\nIn unmittelbarer N\u00e4he zum NSG liegt der als Vogelschutzgebiet gesch\u00fctzte Wedensee, ein Verlandungssee mit ausgedehnter Bruchwaldzone. Er dient als Ausweichgew\u00e4sser bei St\u00f6rungen ebenso wie das etwa 20 km \u00f6stlich gelegene NSG \u201eNonnenhof\u201c am Tollensesee mit der Lieps.<a href=\"http:\/\/kleinvielen-ev.de\/wp-content\/uploads\/2017\/01\/IMG_0235.jpg\"><img loading=\"lazy\" decoding=\"async\" class=\" wp-image-1172 alignright\" src=\"http:\/\/kleinvielen-ev.de\/wp-content\/uploads\/2017\/01\/IMG_0235-300x181.jpg\" alt=\"\" width=\"295\" height=\"178\" srcset=\"https:\/\/kleinvielen-ev.de\/wp-content\/uploads\/2017\/01\/IMG_0235-300x181.jpg 300w, https:\/\/kleinvielen-ev.de\/wp-content\/uploads\/2017\/01\/IMG_0235-768x463.jpg 768w, https:\/\/kleinvielen-ev.de\/wp-content\/uploads\/2017\/01\/IMG_0235-1024x618.jpg 1024w, https:\/\/kleinvielen-ev.de\/wp-content\/uploads\/2017\/01\/IMG_0235.jpg 1276w\" sizes=\"(max-width: 295px) 100vw, 295px\" \/><\/a><br \/>\nIn der Verordnung \u00fcber das NSG \u201eKlein Vielener See\u201c wird als Schutzzweck angegeben:<br \/>\n\u201eDas Naturschutzgebiet dient dem Schutz und dem Erhalt eines eutrophen Flachwassersees, der als Brut-, Rast- und \u00dcberwinterungsgebiet einer Vielzahl von Wasser- und Watvogelarten von herausragender Bedeutung ist (Graug\u00e4nse, G\u00e4nses\u00e4ger, Zwergs\u00e4ger, Rothalstaucher). Dar\u00fcber hinaus ist es wichtiges Nahrungsgebiet von Fisch- und Seeadler, Graureiher und Eisvogel. Neben dem Schutz des Sees werden extensive Bewirtschaftungsma\u00dfnahmen auf den angrenzenden feuchten Gr\u00fcnlandstandorten angestrebt.\u201c<\/p>\n<figure id=\"attachment_1171\" aria-describedby=\"caption-attachment-1171\" style=\"width: 294px\" class=\"wp-caption alignright\"><a href=\"http:\/\/kleinvielen-ev.de\/wp-content\/uploads\/2017\/01\/IMG_1942.jpg\"><img loading=\"lazy\" decoding=\"async\" class=\"wp-image-1171\" src=\"http:\/\/kleinvielen-ev.de\/wp-content\/uploads\/2017\/01\/IMG_1942-300x200.jpg\" alt=\"img_1942\" width=\"294\" height=\"196\" srcset=\"https:\/\/kleinvielen-ev.de\/wp-content\/uploads\/2017\/01\/IMG_1942-300x200.jpg 300w, https:\/\/kleinvielen-ev.de\/wp-content\/uploads\/2017\/01\/IMG_1942-768x512.jpg 768w, https:\/\/kleinvielen-ev.de\/wp-content\/uploads\/2017\/01\/IMG_1942-1024x683.jpg 1024w, https:\/\/kleinvielen-ev.de\/wp-content\/uploads\/2017\/01\/IMG_1942.jpg 1426w\" sizes=\"(max-width: 294px) 100vw, 294px\" \/><\/a><figcaption id=\"caption-attachment-1171\" class=\"wp-caption-text\">Der Klein Vielener See von S\u00fcdosten her gesehen.<\/figcaption><\/figure>\n<p>Ein Bericht des langj\u00e4hrigen Gebietsbetreuers R. Simon \u00fcber das NSG \u201eKlein Vielener See\u201c findet sich in der \u201e<strong><a href=\"http:\/\/kleinvielen-ev.de\/wp-content\/uploads\/2016\/10\/Dorfzeitung-Nr-3-2011_ebook.pdf\">Dorfzeitung Nr. 3<\/a><\/strong>\u201c. Darin beschreibt er die Bedeutung des Schutzgebietes und einige Gef\u00e4hrdungsursachen.<\/p>\n<p>&nbsp;<\/p>\n<p>&nbsp;<\/p>\n<p>Quellen:<br \/>\nVerordnung \u00fcber das Naturschutzgebiet &#8222;Klein Vielener See&#8220; vom 18. April 1996. GVOBl. M-V 1996, S. 193.<br \/>\nFotos: H. Behrens<\/p>\n","protected":false},"excerpt":{"rendered":"<p>Das Naturschutzgebiet (NSG) &#8222;Klein Vielener See&#8220; hat eine Gr\u00f6\u00dfe von 162 ha. Der Klein Vielener See gilt als typischer eiszeitlicher Rinnensee und . Er ist ungef\u00e4hr 2300 Meter lang und bis zu 550 Meter breit und hat damit eine Gr\u00f6\u00dfe von etwa 95 ha sowie ein Einzugsgebiet von 3,4 km\u00b2. Im nord\u00f6stlichen Teil liegt eine &hellip; <a href=\"https:\/\/kleinvielen-ev.de\/?page_id=1062\" class=\"more-link\"><span class=\"screen-reader-text\">NSG &#8222;Klein Vielener See&#8220;<\/span> weiterlesen <span class=\"meta-nav\">&rarr;<\/span><\/a><\/p>\n","protected":false},"author":2,"featured_media":0,"parent":71,"menu_order":0,"comment_status":"closed","ping_status":"closed","template":"","meta":{"footnotes":""},"_links":{"self":[{"href":"https:\/\/kleinvielen-ev.de\/index.php?rest_route=\/wp\/v2\/pages\/1062"}],"collection":[{"href":"https:\/\/kleinvielen-ev.de\/index.php?rest_route=\/wp\/v2\/pages"}],"about":[{"href":"https:\/\/kleinvielen-ev.de\/index.php?rest_route=\/wp\/v2\/types\/page"}],"author":[{"embeddable":true,"href":"https:\/\/kleinvielen-ev.de\/index.php?rest_route=\/wp\/v2\/users\/2"}],"replies":[{"embeddable":true,"href":"https:\/\/kleinvielen-ev.de\/index.php?rest_route=%2Fwp%2Fv2%2Fcomments&post=1062"}],"version-history":[{"count":16,"href":"https:\/\/kleinvielen-ev.de\/index.php?rest_route=\/wp\/v2\/pages\/1062\/revisions"}],"predecessor-version":[{"id":1067,"href":"https:\/\/kleinvielen-ev.de\/index.php?rest_route=\/wp\/v2\/pages\/1062\/revisions\/1067"}],"up":[{"embeddable":true,"href":"https:\/\/kleinvielen-ev.de\/index.php?rest_route=\/wp\/v2\/pages\/71"}],"wp:attachment":[{"href":"https:\/\/kleinvielen-ev.de\/index.php?rest_route=%2Fwp%2Fv2%2Fmedia&parent=1062"}],"curies":[{"name":"wp","href":"https:\/\/api.w.org\/{rel}","templated":true}]}}