{"id":11,"date":"2016-10-26T10:56:55","date_gmt":"2016-10-26T10:56:55","guid":{"rendered":"http:\/\/kleinvielen-ev.de\/?page_id=11"},"modified":"2025-05-24T19:32:06","modified_gmt":"2025-05-24T18:32:06","slug":"aktuelles-und-veranstaltungen","status":"publish","type":"page","link":"https:\/\/kleinvielen-ev.de\/?page_id=11","title":{"rendered":"Aktuelles"},"content":{"rendered":"<p>In den zugeh\u00f6rigen Rubriken finden Sie Hinweise auf Veranstaltungen des Klein Vielen e.V.,<br \/>\nNachrichten aus der Gemeinde Klein Vielen &#8222;und umzu&#8220;, auf den Baustellenreport Jahn-Kapelle und Infos aus dem Klein Vielen e. V.<br \/>\nWeiter zu<br \/>\n<span style=\"color: #993300;\"><strong>&#8211; <a style=\"color: #993300;\" href=\"http:\/\/kleinvielen-ev.de\/?page_id=608\">Nachrichten<\/a><br \/>\n<\/strong>&#8211; <strong><a style=\"color: #993300;\" href=\"http:\/\/kleinvielen-ev.de\/?page_id=606\">Veranstaltungen<\/a><br \/>\n&#8211; <a style=\"color: #993300;\" href=\"http:\/\/kleinvielen-ev.de\/?page_id=5402\">Freifl\u00e4chen-Solaranlagen in Klein Vielen?<\/a><br \/>\n<\/strong><a style=\"color: #993300;\" href=\"https:\/\/kleinvielen-ev.de\/?page_id=1681\"><strong>&#8211; Die Restaurierung der Jahn-Kapelle &#8230; eine gl\u00fcckliche F\u00fcgung<\/strong><\/a><\/span><br \/>\n<strong><span style=\"color: #993300;\">&#8211; <a style=\"color: #993300;\" href=\"http:\/\/kleinvielen-ev.de\/?page_id=1205\">Aus dem Klein Vielen e. V.<\/a><\/span><br \/>\n<span style=\"color: #993300;\"><a style=\"color: #993300;\" href=\"http:\/\/kleinvielen-ev.de\/?page_id=5913\">&#8211; Arbeitsgruppe Denkmalschutz und Denkmalpflege<\/a><\/span><br \/>\n<\/strong><\/p>\n<h4><\/h4>\n","protected":false},"excerpt":{"rendered":"<p>In den zugeh\u00f6rigen Rubriken finden Sie Hinweise auf Veranstaltungen des Klein Vielen e.V., Nachrichten aus der Gemeinde Klein Vielen &#8222;und umzu&#8220;, auf den Baustellenreport Jahn-Kapelle und Infos aus dem Klein Vielen e. V. Weiter zu &#8211; Nachrichten &#8211; Veranstaltungen &#8211; Freifl\u00e4chen-Solaranlagen in Klein Vielen? &#8211; Die Restaurierung der Jahn-Kapelle &#8230; eine gl\u00fcckliche F\u00fcgung &#8211; Aus &hellip; <a href=\"https:\/\/kleinvielen-ev.de\/?page_id=11\" class=\"more-link\"><span class=\"screen-reader-text\">Aktuelles<\/span> weiterlesen <span class=\"meta-nav\">&rarr;<\/span><\/a><\/p>\n","protected":false},"author":1,"featured_media":0,"parent":0,"menu_order":0,"comment_status":"closed","ping_status":"closed","template":"","meta":{"footnotes":""},"_links":{"self":[{"href":"https:\/\/kleinvielen-ev.de\/index.php?rest_route=\/wp\/v2\/pages\/11"}],"collection":[{"href":"https:\/\/kleinvielen-ev.de\/index.php?rest_route=\/wp\/v2\/pages"}],"about":[{"href":"https:\/\/kleinvielen-ev.de\/index.php?rest_route=\/wp\/v2\/types\/page"}],"author":[{"embeddable":true,"href":"https:\/\/kleinvielen-ev.de\/index.php?rest_route=\/wp\/v2\/users\/1"}],"replies":[{"embeddable":true,"href":"https:\/\/kleinvielen-ev.de\/index.php?rest_route=%2Fwp%2Fv2%2Fcomments&post=11"}],"version-history":[{"count":38,"href":"https:\/\/kleinvielen-ev.de\/index.php?rest_route=\/wp\/v2\/pages\/11\/revisions"}],"predecessor-version":[{"id":7106,"href":"https:\/\/kleinvielen-ev.de\/index.php?rest_route=\/wp\/v2\/pages\/11\/revisions\/7106"}],"wp:attachment":[{"href":"https:\/\/kleinvielen-ev.de\/index.php?rest_route=%2Fwp%2Fv2%2Fmedia&parent=11"}],"curies":[{"name":"wp","href":"https:\/\/api.w.org\/{rel}","templated":true}]}}