{"id":1177,"date":"2017-01-11T14:55:28","date_gmt":"2017-01-11T14:55:28","guid":{"rendered":"http:\/\/kleinvielen-ev.de\/?page_id=1177"},"modified":"2017-01-11T15:07:12","modified_gmt":"2017-01-11T15:07:12","slug":"der-wedensee-teil-von-natura-2000","status":"publish","type":"page","link":"https:\/\/kleinvielen-ev.de\/?page_id=1177","title":{"rendered":"Der Wedensee &#8211; Teil von NATURA 2000"},"content":{"rendered":"<figure id=\"attachment_1180\" aria-describedby=\"caption-attachment-1180\" style=\"width: 248px\" class=\"wp-caption alignright\"><a href=\"http:\/\/kleinvielen-ev.de\/wp-content\/uploads\/2017\/01\/wedensee.jpg\"><img loading=\"lazy\" decoding=\"async\" class=\"wp-image-1180 \" src=\"http:\/\/kleinvielen-ev.de\/wp-content\/uploads\/2017\/01\/wedensee-300x200.jpg\" alt=\"wedensee\" width=\"248\" height=\"165\" srcset=\"https:\/\/kleinvielen-ev.de\/wp-content\/uploads\/2017\/01\/wedensee-300x200.jpg 300w, https:\/\/kleinvielen-ev.de\/wp-content\/uploads\/2017\/01\/wedensee-768x513.jpg 768w, https:\/\/kleinvielen-ev.de\/wp-content\/uploads\/2017\/01\/wedensee.jpg 950w\" sizes=\"(max-width: 248px) 100vw, 248px\" \/><\/a><figcaption id=\"caption-attachment-1180\" class=\"wp-caption-text\">Am Ostufer des Wedensees<\/figcaption><\/figure>\n<p>Der Wedensee \u00f6stlich vom Klein Vielener See ist <strong>Teil des Europ\u00e4ischen Vogelschutzgebietes \u201eWald- und Seenlandschaft Lieps-Serrahn\u201c<\/strong>. Die Europ\u00e4ischen Vogelschutzgebiete und die sogenannten FFH-Gebiete (Gebiete, die nach der Flora-Fauna-Habitat-Richtlinie der Europ\u00e4ischen Union gesichert sind) bilden zusammen das europ\u00e4ische Schutzgebietssystem NATURA 2000.<br \/>\nDas Natura 2000-Gebiet &#8222;Wald- und Seenlandschaft Lieps-Serrahn&#8220; wird beschrieben als &#8222;Gebiet mit geschlossenen naturnahen Laub- und Mischwaldkomplexen mit integrierten Waldseen, charakteristischen Waldmooren sowie strukturreichen Gr\u00fcnlandfl\u00e4chen und Geh\u00f6lzgruppen in den angrenzenden Offenlandzonen&#8220;.<\/p>\n<figure id=\"attachment_1181\" aria-describedby=\"caption-attachment-1181\" style=\"width: 254px\" class=\"wp-caption alignright\"><a href=\"http:\/\/kleinvielen-ev.de\/wp-content\/uploads\/2017\/01\/am-wedensee.jpg\"><img loading=\"lazy\" decoding=\"async\" class=\"wp-image-1181 \" src=\"http:\/\/kleinvielen-ev.de\/wp-content\/uploads\/2017\/01\/am-wedensee-300x200.jpg\" alt=\"am-wedensee\" width=\"254\" height=\"169\" srcset=\"https:\/\/kleinvielen-ev.de\/wp-content\/uploads\/2017\/01\/am-wedensee-300x200.jpg 300w, https:\/\/kleinvielen-ev.de\/wp-content\/uploads\/2017\/01\/am-wedensee-768x513.jpg 768w, https:\/\/kleinvielen-ev.de\/wp-content\/uploads\/2017\/01\/am-wedensee.jpg 950w\" sizes=\"(max-width: 254px) 100vw, 254px\" \/><\/a><figcaption id=\"caption-attachment-1181\" class=\"wp-caption-text\">Landschaft am Wedensee.<\/figcaption><\/figure>\n<p>Letzteres trifft auf den Wedensee zu, der teilweise verlandet und von breiten Ufers\u00e4umen aus Schilf und Erlenbruchwald bestanden ist. An das S\u00fcdufer grenzt eine gro\u00dfe Dauergr\u00fcnlandfl\u00e4che, die als Weide genutzt wird.<br \/>\nDer Wedensee und seine gesch\u00fctzten Uferbereiche sowie die angrenzenden Gr\u00fcnl\u00e4ndereien sind Lebensraum zahlreicher Vogelarten. Kranich oder Kornweihe haben hier ihre Brutpl\u00e4tze, der Seeadler hat hier und am Klein Vielener See einen Teil seines Jagdreviers.<\/p>\n<p>&nbsp;<\/p>\n","protected":false},"excerpt":{"rendered":"<p>Der Wedensee \u00f6stlich vom Klein Vielener See ist Teil des Europ\u00e4ischen Vogelschutzgebietes \u201eWald- und Seenlandschaft Lieps-Serrahn\u201c. Die Europ\u00e4ischen Vogelschutzgebiete und die sogenannten FFH-Gebiete (Gebiete, die nach der Flora-Fauna-Habitat-Richtlinie der Europ\u00e4ischen Union gesichert sind) bilden zusammen das europ\u00e4ische Schutzgebietssystem NATURA 2000. Das Natura 2000-Gebiet &#8222;Wald- und Seenlandschaft Lieps-Serrahn&#8220; wird beschrieben als &#8222;Gebiet mit geschlossenen naturnahen Laub- &hellip; <a href=\"https:\/\/kleinvielen-ev.de\/?page_id=1177\" class=\"more-link\"><span class=\"screen-reader-text\">Der Wedensee &#8211; Teil von NATURA 2000<\/span> weiterlesen <span class=\"meta-nav\">&rarr;<\/span><\/a><\/p>\n","protected":false},"author":2,"featured_media":0,"parent":71,"menu_order":0,"comment_status":"closed","ping_status":"closed","template":"","meta":{"footnotes":""},"_links":{"self":[{"href":"https:\/\/kleinvielen-ev.de\/index.php?rest_route=\/wp\/v2\/pages\/1177"}],"collection":[{"href":"https:\/\/kleinvielen-ev.de\/index.php?rest_route=\/wp\/v2\/pages"}],"about":[{"href":"https:\/\/kleinvielen-ev.de\/index.php?rest_route=\/wp\/v2\/types\/page"}],"author":[{"embeddable":true,"href":"https:\/\/kleinvielen-ev.de\/index.php?rest_route=\/wp\/v2\/users\/2"}],"replies":[{"embeddable":true,"href":"https:\/\/kleinvielen-ev.de\/index.php?rest_route=%2Fwp%2Fv2%2Fcomments&post=1177"}],"version-history":[{"count":5,"href":"https:\/\/kleinvielen-ev.de\/index.php?rest_route=\/wp\/v2\/pages\/1177\/revisions"}],"predecessor-version":[{"id":1186,"href":"https:\/\/kleinvielen-ev.de\/index.php?rest_route=\/wp\/v2\/pages\/1177\/revisions\/1186"}],"up":[{"embeddable":true,"href":"https:\/\/kleinvielen-ev.de\/index.php?rest_route=\/wp\/v2\/pages\/71"}],"wp:attachment":[{"href":"https:\/\/kleinvielen-ev.de\/index.php?rest_route=%2Fwp%2Fv2%2Fmedia&parent=1177"}],"curies":[{"name":"wp","href":"https:\/\/api.w.org\/{rel}","templated":true}]}}

<figure id="attachment_1180" aria-describedby="caption-attachment-1180" style="width: 248px" class="wp-caption alignright"><a href="http://kleinvielen-ev.de/wp-content/uploads/2017/01/wedensee.jpg"><img loading="lazy" decoding="async" class="wp-image-1180 " src="http://kleinvielen-ev.de/wp-content/uploads/2017/01/wedensee-300x200.jpg" alt="wedensee" width="248" height="165" srcset="https://kleinvielen-ev.de/wp-content/uploads/2017/01/wedensee-300x200.jpg 300w, https://kleinvielen-ev.de/wp-content/uploads/2017/01/wedensee-768x513.jpg 768w, https://kleinvielen-ev.de/wp-content/uploads/2017/01/wedensee.jpg 950w" sizes="(max-width: 248px) 100vw, 248px" /></a><figcaption id="caption-attachment-1180" class="wp-caption-text">Am Ostufer des Wedensees</figcaption></figure>
<p>Der Wedensee östlich vom Klein Vielener See ist <strong>Teil des Europäischen Vogelschutzgebietes „Wald- und Seenlandschaft Lieps-Serrahn“</strong>. Die Europäischen Vogelschutzgebiete und die sogenannten FFH-Gebiete (Gebiete, die nach der Flora-Fauna-Habitat-Richtlinie der Europäischen Union gesichert sind) bilden zusammen das europäische Schutzgebietssystem NATURA 2000.<br />
Das Natura 2000-Gebiet &#8222;Wald- und Seenlandschaft Lieps-Serrahn&#8220; wird beschrieben als &#8222;Gebiet mit geschlossenen naturnahen Laub- und Mischwaldkomplexen mit integrierten Waldseen, charakteristischen Waldmooren sowie strukturreichen Grünlandflächen und Gehölzgruppen in den angrenzenden Offenlandzonen&#8220;.</p>
<figure id="attachment_1181" aria-describedby="caption-attachment-1181" style="width: 254px" class="wp-caption alignright"><a href="http://kleinvielen-ev.de/wp-content/uploads/2017/01/am-wedensee.jpg"><img loading="lazy" decoding="async" class="wp-image-1181 " src="http://kleinvielen-ev.de/wp-content/uploads/2017/01/am-wedensee-300x200.jpg" alt="am-wedensee" width="254" height="169" srcset="https://kleinvielen-ev.de/wp-content/uploads/2017/01/am-wedensee-300x200.jpg 300w, https://kleinvielen-ev.de/wp-content/uploads/2017/01/am-wedensee-768x513.jpg 768w, https://kleinvielen-ev.de/wp-content/uploads/2017/01/am-wedensee.jpg 950w" sizes="(max-width: 254px) 100vw, 254px" /></a><figcaption id="caption-attachment-1181" class="wp-caption-text">Landschaft am Wedensee.</figcaption></figure>
<p>Letzteres trifft auf den Wedensee zu, der teilweise verlandet und von breiten Ufersäumen aus Schilf und Erlenbruchwald bestanden ist. An das Südufer grenzt eine große Dauergrünlandfläche, die als Weide genutzt wird.<br />
Der Wedensee und seine geschützten Uferbereiche sowie die angrenzenden Grünländereien sind Lebensraum zahlreicher Vogelarten. Kranich oder Kornweihe haben hier ihre Brutplätze, der Seeadler hat hier und am Klein Vielener See einen Teil seines Jagdreviers.</p>
<p>&nbsp;</p>

<p>Der Wedensee östlich vom Klein Vielener See ist Teil des Europäischen Vogelschutzgebietes „Wald- und Seenlandschaft Lieps-Serrahn“. Die Europäischen Vogelschutzgebiete und die sogenannten FFH-Gebiete (Gebiete, die nach der Flora-Fauna-Habitat-Richtlinie der Europäischen Union gesichert sind) bilden zusammen das europäische Schutzgebietssystem NATURA 2000. Das Natura 2000-Gebiet &#8222;Wald- und Seenlandschaft Lieps-Serrahn&#8220; wird beschrieben als &#8222;Gebiet mit geschlossenen naturnahen Laub- &hellip; <a href="https://kleinvielen-ev.de/?page_id=1177" class="more-link"><span class="screen-reader-text">Der Wedensee &#8211; Teil von NATURA 2000</span> weiterlesen <span class="meta-nav">&rarr;</span></a></p>
