{"id":1418,"date":"2017-02-20T11:50:25","date_gmt":"2017-02-20T11:50:25","guid":{"rendered":"http:\/\/kleinvielen-ev.de\/?page_id=1418"},"modified":"2017-04-23T11:30:45","modified_gmt":"2017-04-23T11:30:45","slug":"wuestung-christenhof","status":"publish","type":"page","link":"https:\/\/kleinvielen-ev.de\/?page_id=1418","title":{"rendered":"W\u00fcstung Christenhof"},"content":{"rendered":"<p>Christenhof war\u00a0ein Einzelgeh\u00f6ft an der ehemaligen Grenze zwischen den Gro\u00dfherzogt\u00fcmern Mecklenburg-Schwerin und Mecklenburg-Strelitz. Das Geh\u00f6ft lag am &#8222;Schwedenberg&#8220; bzw. am Rande der &#8222;Schwanheide&#8220;, ca. 2 km n\u00f6rdlich von Hohenzieritz und 3 km s\u00fcdlich von Werder bei Penzlin.<br \/>\nAuf der Karte (Ausschnitt aus Messtischblatt von 1888) sind f\u00fcnf Geb\u00e4ude zu sehen. In der N\u00e4he lag ein kleines Stillgew\u00e4sser, das heute nicht mehr existiert.<br \/>\nBei Wilhelm Raabe (1857) findet sich noch der Name \u201eChristinenhof\u201c und er schreibt, dass dieser seit 1836 bestand. Raabe nennt als damaligen Eigent\u00fcmer die Familie F. Meincke und z\u00e4hlt in seiner Ver\u00f6ffentlichung von 1857 sechs Bewohner.<br \/>\nF\u00fcr Durchreisende in Richtung Hohenzieritz oder Werder\/Penzlin gab es einige Zeit lang sogar einen Ausschank. Die Genehmigung daf\u00fcr wurde 1919 nicht mehr verl\u00e4ngert.<br \/>\n<a href=\"http:\/\/kleinvielen-ev.de\/wp-content\/uploads\/2017\/02\/Christenhof-1888-200-dpi.jpg\"><img loading=\"lazy\" decoding=\"async\" class=\"wp-image-1419 alignright\" src=\"http:\/\/kleinvielen-ev.de\/wp-content\/uploads\/2017\/02\/Christenhof-1888-200-dpi-300x140.jpg\" alt=\"\" width=\"393\" height=\"183\" srcset=\"https:\/\/kleinvielen-ev.de\/wp-content\/uploads\/2017\/02\/Christenhof-1888-200-dpi-300x140.jpg 300w, https:\/\/kleinvielen-ev.de\/wp-content\/uploads\/2017\/02\/Christenhof-1888-200-dpi-768x358.jpg 768w, https:\/\/kleinvielen-ev.de\/wp-content\/uploads\/2017\/02\/Christenhof-1888-200-dpi.jpg 945w\" sizes=\"(max-width: 393px) 100vw, 393px\" \/><\/a>Die letzten Eigent\u00fcmer verlie\u00dfen Christenhof um 1960.<br \/>\nVon dem Hof zeugen noch einige alte Obstb\u00e4ume und Reste der Grundmauern und der &#8222;Christenh\u00f6fer Weg&#8220; in Hohenzieritz.<br \/>\nWestlich von Christenhof befand sich das Vorwerk Jennyhof des Maltzanschen Gutes in Peckatel.<br \/>\nDas Vorwerk bzw. der Ort Jennyhof existiert ebenfalls nicht mehr, er fiel 1976 w\u00fcst.<br \/>\n(Zur Geschichte\u00a0Jennyhofs k\u00f6nnen Sie\u00a0<strong><a href=\"http:\/\/kleinvielen-ev.de\/?page_id=113\">hier<\/a> <\/strong>mehr lesen.)<\/p>\n<p><strong>Quellen<\/strong>:<br \/>\nRaabe, W. 1857: Mecklenburgische Vaterlandskunde. Erster Band Specielle Orstkunde beider Gro\u00dfherzogth\u00fcmer Mecklenburg. Wismar. [Zweite Auflage bearb. von Gustav Quade. Wismar 1894: S. 1279].<br \/>\nBerndt, G. 2000: Das Rosenholz bei Hohenzieritz. Mecklenburg-Strelitzer Kalender 2000: S. 57-58.<br \/>\nAbbildung: Kartenausschnitt aus\u00a0Messtischblatt 1888. Quelle: Universit\u00e4t Rostock, Agrar- und Umweltwissenschaftliche Fakult\u00e4t, Geoinformatik-Service.<\/p>\n","protected":false},"excerpt":{"rendered":"<p>Christenhof war\u00a0ein Einzelgeh\u00f6ft an der ehemaligen Grenze zwischen den Gro\u00dfherzogt\u00fcmern Mecklenburg-Schwerin und Mecklenburg-Strelitz. Das Geh\u00f6ft lag am &#8222;Schwedenberg&#8220; bzw. am Rande der &#8222;Schwanheide&#8220;, ca. 2 km n\u00f6rdlich von Hohenzieritz und 3 km s\u00fcdlich von Werder bei Penzlin. Auf der Karte (Ausschnitt aus Messtischblatt von 1888) sind f\u00fcnf Geb\u00e4ude zu sehen. In der N\u00e4he lag ein &hellip; <a href=\"https:\/\/kleinvielen-ev.de\/?page_id=1418\" class=\"more-link\"><span class=\"screen-reader-text\">W\u00fcstung Christenhof<\/span> weiterlesen <span class=\"meta-nav\">&rarr;<\/span><\/a><\/p>\n","protected":false},"author":2,"featured_media":0,"parent":1092,"menu_order":0,"comment_status":"closed","ping_status":"closed","template":"","meta":{"footnotes":""},"_links":{"self":[{"href":"https:\/\/kleinvielen-ev.de\/index.php?rest_route=\/wp\/v2\/pages\/1418"}],"collection":[{"href":"https:\/\/kleinvielen-ev.de\/index.php?rest_route=\/wp\/v2\/pages"}],"about":[{"href":"https:\/\/kleinvielen-ev.de\/index.php?rest_route=\/wp\/v2\/types\/page"}],"author":[{"embeddable":true,"href":"https:\/\/kleinvielen-ev.de\/index.php?rest_route=\/wp\/v2\/users\/2"}],"replies":[{"embeddable":true,"href":"https:\/\/kleinvielen-ev.de\/index.php?rest_route=%2Fwp%2Fv2%2Fcomments&post=1418"}],"version-history":[{"count":12,"href":"https:\/\/kleinvielen-ev.de\/index.php?rest_route=\/wp\/v2\/pages\/1418\/revisions"}],"predecessor-version":[{"id":1426,"href":"https:\/\/kleinvielen-ev.de\/index.php?rest_route=\/wp\/v2\/pages\/1418\/revisions\/1426"}],"up":[{"embeddable":true,"href":"https:\/\/kleinvielen-ev.de\/index.php?rest_route=\/wp\/v2\/pages\/1092"}],"wp:attachment":[{"href":"https:\/\/kleinvielen-ev.de\/index.php?rest_route=%2Fwp%2Fv2%2Fmedia&parent=1418"}],"curies":[{"name":"wp","href":"https:\/\/api.w.org\/{rel}","templated":true}]}}