{"id":1454,"date":"2017-03-29T14:04:07","date_gmt":"2017-03-29T14:04:07","guid":{"rendered":"http:\/\/kleinvielen-ev.de\/?page_id=1454"},"modified":"2025-06-14T18:52:09","modified_gmt":"2025-06-14T17:52:09","slug":"neues-von-der-jahn-kapelle","status":"publish","type":"page","link":"https:\/\/kleinvielen-ev.de\/?page_id=1454","title":{"rendered":"Baustellenreport &#8211; letzte Nachricht"},"content":{"rendered":"<h5>Es ist geschafft:\u00a0<a href=\"http:\/\/kleinvielen-ev.de\/wp-content\/uploads\/2022\/01\/Jahn-Kapelle-vom-Gr-Geldberg-aus_2022-1_21.jpg\"><img loading=\"lazy\" decoding=\"async\" class=\" wp-image-5288 alignright\" src=\"http:\/\/kleinvielen-ev.de\/wp-content\/uploads\/2022\/01\/Jahn-Kapelle-vom-Gr-Geldberg-aus_2022-1_21-300x199.jpg\" alt=\"\" width=\"340\" height=\"225\" srcset=\"https:\/\/kleinvielen-ev.de\/wp-content\/uploads\/2022\/01\/Jahn-Kapelle-vom-Gr-Geldberg-aus_2022-1_21-300x199.jpg 300w, https:\/\/kleinvielen-ev.de\/wp-content\/uploads\/2022\/01\/Jahn-Kapelle-vom-Gr-Geldberg-aus_2022-1_21-768x509.jpg 768w, https:\/\/kleinvielen-ev.de\/wp-content\/uploads\/2022\/01\/Jahn-Kapelle-vom-Gr-Geldberg-aus_2022-1_21-1024x679.jpg 1024w, https:\/\/kleinvielen-ev.de\/wp-content\/uploads\/2022\/01\/Jahn-Kapelle-vom-Gr-Geldberg-aus_2022-1_21.jpg 1181w\" sizes=\"(max-width: 340px) 100vw, 340px\" \/><\/a><br \/>\nDie Jahn-Kapelle erstrahlt in neuem Glanz!<\/h5>\n<p>In den Jahren 2016 bis 2022 gelang die wundersame Rettung der einzigartigen oktogonalen Kapelle, die in der Zeit, als die Familie Jahn das Gut Klein Vielen besa\u00df, entstand.<\/p>\n<p>Hier k\u00f6nne Sie noch einmal im Zeitraffer den Restaurierungs-Prozess nachvollziehen:<\/p>\n<p>&nbsp;<\/p>\n<p>M\u00f6glich wurde die Rettung und Sanierung durch gro\u00dfz\u00fcgige F\u00f6rdermittel und die Eigenmittel der Gemeinde Klein Vielen. Zu danken ist<\/p>\n<ul>\n<li>der Gemeinde Klein Vielen,<\/li>\n<li>der Europ\u00e4ischen Union (EU-Programme ELER und LEADER),<\/li>\n<li>dem Land Mecklenburg-Vorpommern,<\/li>\n<li>der Deutschen Stiftung Denkmalschutz und den vielen Einzelpersonen, die f\u00fcr die Aktion \u201eDenkmal in Not\u201c der Deutschen Stiftung Denkmalschutz spendeten,<\/li>\n<li>der Ostdeutschen Sparkassenstiftung und der Sparkasse Mecklenburg-Strelitz,<\/li>\n<li>den Menschen, die mit gro\u00dfz\u00fcgigen Einzelspenden einzelne Rekonstruktionsma\u00dfnahmen unterst\u00fctzten wie die Wiederherstellung des Turmdaches, der Holzfenster in der Laterne und der Kreuzblume mit dem Kreuz,<\/li>\n<li>den vielen weiteren Einzelspendern und -spenderinnen, die mit gr\u00f6\u00dferen oder kleineren Geldbetr\u00e4gen die \u201eStein f\u00fcr Stein-Sanierung\u201c unterst\u00fctzten.<\/li>\n<\/ul>\n<p>Ein herzliches Dankesch\u00f6n gilt nicht zuletzt allen beteiligten Unternehmen mit ihren Mitarbeiterinnen und Mitarbeitern und denen, die durch freiwilligen Arbeitseinsatz die Sanierung und die Pflege der denkmalgesch\u00fctzten Parkanlage unterst\u00fctz(t)en!<strong><br \/>\n<a href=\"http:\/\/kleinvielen-ev.de\/?page_id=1582\">Hier werden die finanziellen F\u00f6rderer gew\u00fcrdigt<\/a>.<\/strong><\/p>\n<p>&nbsp;<\/p>\n<p>(Foto: H. Behrens, 2022).<\/p>\n<p>&nbsp;<\/p>\n","protected":false},"excerpt":{"rendered":"<p>Es ist geschafft:\u00a0 Die Jahn-Kapelle erstrahlt in neuem Glanz! In den Jahren 2016 bis 2022 gelang die wundersame Rettung der einzigartigen oktogonalen Kapelle, die in der Zeit, als die Familie Jahn das Gut Klein Vielen besa\u00df, entstand. Hier k\u00f6nne Sie noch einmal im Zeitraffer den Restaurierungs-Prozess nachvollziehen: &nbsp; M\u00f6glich wurde die Rettung und Sanierung durch &hellip; <a href=\"https:\/\/kleinvielen-ev.de\/?page_id=1454\" class=\"more-link\"><span class=\"screen-reader-text\">Baustellenreport &#8211; letzte Nachricht<\/span> weiterlesen <span class=\"meta-nav\">&rarr;<\/span><\/a><\/p>\n","protected":false},"author":2,"featured_media":0,"parent":83,"menu_order":0,"comment_status":"closed","ping_status":"closed","template":"","meta":{"footnotes":""},"_links":{"self":[{"href":"https:\/\/kleinvielen-ev.de\/index.php?rest_route=\/wp\/v2\/pages\/1454"}],"collection":[{"href":"https:\/\/kleinvielen-ev.de\/index.php?rest_route=\/wp\/v2\/pages"}],"about":[{"href":"https:\/\/kleinvielen-ev.de\/index.php?rest_route=\/wp\/v2\/types\/page"}],"author":[{"embeddable":true,"href":"https:\/\/kleinvielen-ev.de\/index.php?rest_route=\/wp\/v2\/users\/2"}],"replies":[{"embeddable":true,"href":"https:\/\/kleinvielen-ev.de\/index.php?rest_route=%2Fwp%2Fv2%2Fcomments&post=1454"}],"version-history":[{"count":264,"href":"https:\/\/kleinvielen-ev.de\/index.php?rest_route=\/wp\/v2\/pages\/1454\/revisions"}],"predecessor-version":[{"id":5717,"href":"https:\/\/kleinvielen-ev.de\/index.php?rest_route=\/wp\/v2\/pages\/1454\/revisions\/5717"}],"up":[{"embeddable":true,"href":"https:\/\/kleinvielen-ev.de\/index.php?rest_route=\/wp\/v2\/pages\/83"}],"wp:attachment":[{"href":"https:\/\/kleinvielen-ev.de\/index.php?rest_route=%2Fwp%2Fv2%2Fmedia&parent=1454"}],"curies":[{"name":"wp","href":"https:\/\/api.w.org\/{rel}","templated":true}]}}