{"id":2460,"date":"2018-09-06T12:56:46","date_gmt":"2018-09-06T12:56:46","guid":{"rendered":"http:\/\/kleinvielen-ev.de\/?page_id=2460"},"modified":"2021-03-05T17:37:27","modified_gmt":"2021-03-05T17:37:27","slug":"allee-im-gutspark-klein-vielen","status":"publish","type":"page","link":"https:\/\/kleinvielen-ev.de\/?page_id=2460","title":{"rendered":"Gutspark Klein Vielen mit Allee und Klingenberg"},"content":{"rendered":"<p style=\"text-align: left;\">Als der Klein Vielener Gutsherr Eduard Jahn nach 1850 zu Ehren seiner verstorbenen Frau eine Kapelle auf dem Klingenberg, 200 Meter s\u00fcdlich des alten Gutsparkes, bauen lie\u00df, veranlasste er auch die parkgem\u00e4\u00dfe Gestaltung des Umfeldes.<br \/>\nEr lie\u00df einen Weg vom alten Gutspark zum Klingenberg anlegen, der dadurch in die gesamte Parkanlage einbezogen wurde. Am Weg entlang lie\u00df er eine eng gef\u00fchrte, von Winterlinden und Kastanien bestandenen Allee pflanzen. Sie wirkt heute wie ein hoher Dom aus B\u00e4umen, der in seiner gotischen Form den pr\u00e4genden Baumerkmalen an der Kapelle \u00e4hnelt<div id=\"metaslider-id-3179\" style=\"max-width: 700px;\" class=\"ml-slider-3-107-0 metaslider metaslider-flex metaslider-3179 ml-slider has-dots-nav ms-theme-default\" role=\"region\" aria-label=\"Gutspark\" data-height=\"450\" data-width=\"700\">\n    <div id=\"metaslider_container_3179\">\n        <div id=\"metaslider_3179\">\n            <ul class='slides'>\n                <li style=\"display: block; width: 100%;\" class=\"slide-3184 ms-image \" aria-roledescription=\"slide\" data-date=\"2019-08-03 08:39:09\" data-filename=\"blick-vom-klingenberg-700x450.jpg\" data-slide-type=\"image\"><img loading=\"lazy\" decoding=\"async\" src=\"https:\/\/kleinvielen-ev.de\/wp-content\/uploads\/2019\/08\/blick-vom-klingenberg-700x450.jpg\" height=\"450\" width=\"700\" alt=\"\" class=\"slider-3179 slide-3184 msDefaultImage\" title=\"blick vom klingenberg\" \/><\/li>\n                <li style=\"display: none; width: 100%;\" class=\"slide-3185 ms-image \" aria-roledescription=\"slide\" data-date=\"2019-08-03 08:39:09\" data-filename=\"blick-auf-klingenberg-2018-700x450.jpg\" data-slide-type=\"image\"><img loading=\"lazy\" decoding=\"async\" src=\"https:\/\/kleinvielen-ev.de\/wp-content\/uploads\/2019\/08\/blick-auf-klingenberg-2018-700x450.jpg\" height=\"450\" width=\"700\" alt=\"\" class=\"slider-3179 slide-3185 msDefaultImage\" title=\"blick auf klingenberg 2018\" \/><\/li>\n                <li style=\"display: none; width: 100%;\" class=\"slide-3187 ms-image \" aria-roledescription=\"slide\" data-date=\"2019-08-03 08:39:39\" data-filename=\"mauer1-700x450.jpg\" data-slide-type=\"image\"><img loading=\"lazy\" decoding=\"async\" src=\"https:\/\/kleinvielen-ev.de\/wp-content\/uploads\/2019\/08\/mauer1-700x450.jpg\" height=\"450\" width=\"700\" alt=\"\" class=\"slider-3179 slide-3187 msDefaultImage\" title=\"mauer1\" \/><\/li>\n                <li style=\"display: none; width: 100%;\" class=\"slide-3188 ms-image \" aria-roledescription=\"slide\" data-date=\"2019-08-03 08:39:46\" data-filename=\"Park-700x450.jpg\" data-slide-type=\"image\"><img loading=\"lazy\" decoding=\"async\" src=\"https:\/\/kleinvielen-ev.de\/wp-content\/uploads\/2019\/08\/Park-700x450.jpg\" height=\"450\" width=\"700\" alt=\"\" class=\"slider-3179 slide-3188 msDefaultImage\" title=\"Park\" \/><\/li>\n                <li style=\"display: none; width: 100%;\" class=\"slide-3189 ms-image \" aria-roledescription=\"slide\" data-date=\"2019-08-03 08:39:58\" data-filename=\"feldsteinmauer-700x450.jpg\" data-slide-type=\"image\"><img loading=\"lazy\" decoding=\"async\" src=\"https:\/\/kleinvielen-ev.de\/wp-content\/uploads\/2019\/08\/feldsteinmauer-700x450.jpg\" height=\"450\" width=\"700\" alt=\"\" class=\"slider-3179 slide-3189 msDefaultImage\" title=\"feldsteinmauer\" \/><\/li>\n            <\/ul>\n        <\/div>\n        \n    <\/div>\n<\/div>.<br \/>\nUm den ganzen Klingenberg herum lie\u00df Eduard Jahn eine Feldsteinmauer anlegen. Im Winter und noch im zeitigen Fr\u00fchjahr ist sie noch heute deutlich zu erkennen. Gedacht war sie sicher als ein \u201eHa-Ha\u201c oder &#8222;Aha&#8220; in der Landschaft, der von weitem eine Anziehungskraft entfalten sollte.<br \/>\nDas Vorbild f\u00fcr diese Mauer war vermutlich die Feldsteinmauer um den Schlosspark in Hohenzieritz, der zwischen 1776 und 1790 angelegt worden war und den die Familie Jahn sicher das eine oder andere Mal besucht hatte.<br \/>\nDen \u00dcbergang von der Allee zum Klingenberg markiert bis heute ein Durchgang durch die Feldsteinmauer.<br \/>\nDie Reste des alten Gutsparkes und die Erweiterung, d.h. die Allee und der gesamte Klingenberg, sind heute als Gartendenkmal gesch\u00fctzt.<br \/>\nDie Allee ver\u00e4ndert im Laufe des Jahres immer wieder ihr Gesicht und beeindruckt den Wanderer stets aufs Neue. Sie ist wie die Kapelle, der Klingenberg und die Reste des alten Gutsparkes denkmalgesch\u00fctzt.<br \/>\n<strong>Aber schauen Sie selbst!<\/strong><div id=\"metaslider-id-2438\" style=\"max-width: 450px;\" class=\"ml-slider-3-107-0 metaslider metaslider-flex metaslider-2438 ml-slider has-dots-nav ms-theme-default\" role=\"region\" aria-label=\"Allee im Jahresablauf\" data-height=\"700\" data-width=\"450\">\n    <div id=\"metaslider_container_2438\">\n        <div id=\"metaslider_2438\">\n            <ul class='slides'>\n                <li style=\"display: block; width: 100%;\" class=\"slide-2458 ms-image \" aria-roledescription=\"slide\" data-date=\"2018-09-06 12:48:31\" data-filename=\"2017_02_08-450x700.jpg\" data-slide-type=\"image\"><img loading=\"lazy\" decoding=\"async\" src=\"https:\/\/kleinvielen-ev.de\/wp-content\/uploads\/2018\/09\/2017_02_08-450x700.jpg\" height=\"700\" width=\"450\" alt=\"\" class=\"slider-2438 slide-2458 msDefaultImage\" title=\"2017_02_08\" \/><\/li>\n                <li style=\"display: none; width: 100%;\" class=\"slide-5216 ms-image \" aria-roledescription=\"slide\" data-date=\"2021-12-12 15:52:32\" data-filename=\"Allee-2021a-450x700.jpg\" data-slide-type=\"image\"><img loading=\"lazy\" decoding=\"async\" src=\"https:\/\/kleinvielen-ev.de\/wp-content\/uploads\/2021\/12\/Allee-2021a-450x700.jpg\" height=\"700\" width=\"450\" alt=\"\" class=\"slider-2438 slide-5216 msDefaultImage\" title=\"Allee 2021a\" \/><\/li>\n                <li style=\"display: none; width: 100%;\" class=\"slide-2454 ms-image \" aria-roledescription=\"slide\" data-date=\"2018-09-06 12:48:30\" data-filename=\"2017_09_11a-450x700.jpg\" data-slide-type=\"image\"><img loading=\"lazy\" decoding=\"async\" src=\"https:\/\/kleinvielen-ev.de\/wp-content\/uploads\/2018\/09\/2017_09_11a-450x700.jpg\" height=\"700\" width=\"450\" alt=\"\" class=\"slider-2438 slide-2454 msDefaultImage\" title=\"2017_09_11a\" \/><\/li>\n                <li style=\"display: none; width: 100%;\" class=\"slide-2453 ms-image \" aria-roledescription=\"slide\" data-date=\"2018-09-06 12:48:30\" data-filename=\"2017_06_27-450x700.jpg\" data-slide-type=\"image\"><img loading=\"lazy\" decoding=\"async\" src=\"https:\/\/kleinvielen-ev.de\/wp-content\/uploads\/2018\/09\/2017_06_27-450x700.jpg\" height=\"700\" width=\"450\" alt=\"\" class=\"slider-2438 slide-2453 msDefaultImage\" title=\"2017_06_27\" \/><\/li>\n                <li style=\"display: none; width: 100%;\" class=\"slide-2459 ms-image \" aria-roledescription=\"slide\" data-date=\"2018-09-06 12:48:31\" data-filename=\"2017_05_19-450x700.jpg\" data-slide-type=\"image\"><img loading=\"lazy\" decoding=\"async\" src=\"https:\/\/kleinvielen-ev.de\/wp-content\/uploads\/2018\/09\/2017_05_19-450x700.jpg\" height=\"700\" width=\"450\" alt=\"\" class=\"slider-2438 slide-2459 msDefaultImage\" title=\"2017_05_19\" \/><\/li>\n                <li style=\"display: none; width: 100%;\" class=\"slide-2452 ms-image \" aria-roledescription=\"slide\" data-date=\"2018-09-06 12:48:30\" data-filename=\"2017_06_17-450x700.jpg\" data-slide-type=\"image\"><img loading=\"lazy\" decoding=\"async\" src=\"https:\/\/kleinvielen-ev.de\/wp-content\/uploads\/2018\/09\/2017_06_17-450x700.jpg\" height=\"700\" width=\"450\" alt=\"\" class=\"slider-2438 slide-2452 msDefaultImage\" title=\"2017_06_17\" \/><\/li>\n                <li style=\"display: none; width: 100%;\" class=\"slide-2472 ms-image \" aria-roledescription=\"slide\" data-date=\"2018-09-06 13:03:00\" data-filename=\"IMG_7602-450x700.jpg\" data-slide-type=\"image\"><img loading=\"lazy\" decoding=\"async\" src=\"https:\/\/kleinvielen-ev.de\/wp-content\/uploads\/2018\/09\/IMG_7602-450x700.jpg\" height=\"700\" width=\"450\" alt=\"\" class=\"slider-2438 slide-2472 msDefaultImage\" title=\"IMG_7602\" \/><\/li>\n                <li style=\"display: none; width: 100%;\" class=\"slide-2475 ms-image \" aria-roledescription=\"slide\" data-date=\"2018-09-06 13:03:00\" data-filename=\"IMG_7600-450x700.jpg\" data-slide-type=\"image\"><img loading=\"lazy\" decoding=\"async\" src=\"https:\/\/kleinvielen-ev.de\/wp-content\/uploads\/2018\/09\/IMG_7600-450x700.jpg\" height=\"700\" width=\"450\" alt=\"\" class=\"slider-2438 slide-2475 msDefaultImage\" title=\"IMG_7600\" \/><\/li>\n                <li style=\"display: none; width: 100%;\" class=\"slide-2457 ms-image \" aria-roledescription=\"slide\" data-date=\"2018-09-06 12:48:31\" data-filename=\"2018_09_06-450x700.jpg\" data-slide-type=\"image\"><img loading=\"lazy\" decoding=\"async\" src=\"https:\/\/kleinvielen-ev.de\/wp-content\/uploads\/2018\/09\/2018_09_06-450x700.jpg\" height=\"700\" width=\"450\" alt=\"\" class=\"slider-2438 slide-2457 msDefaultImage\" title=\"2018_09_06\" \/><\/li>\n                <li style=\"display: none; width: 100%;\" class=\"slide-2455 ms-image \" aria-roledescription=\"slide\" data-date=\"2018-09-06 12:48:30\" data-filename=\"2017_10_18-450x700.jpg\" data-slide-type=\"image\"><img loading=\"lazy\" decoding=\"async\" src=\"https:\/\/kleinvielen-ev.de\/wp-content\/uploads\/2018\/09\/2017_10_18-450x700.jpg\" height=\"700\" width=\"450\" alt=\"\" class=\"slider-2438 slide-2455 msDefaultImage\" title=\"2017_10_18\" \/><\/li>\n                <li style=\"display: none; width: 100%;\" class=\"slide-2456 ms-image \" aria-roledescription=\"slide\" data-date=\"2018-09-06 12:48:31\" data-filename=\"2017_11_17-450x700.jpg\" data-slide-type=\"image\"><img loading=\"lazy\" decoding=\"async\" src=\"https:\/\/kleinvielen-ev.de\/wp-content\/uploads\/2018\/09\/2017_11_17-450x700.jpg\" height=\"700\" width=\"450\" alt=\"\" class=\"slider-2438 slide-2456 msDefaultImage\" title=\"2017_11_17\" \/><\/li>\n                <li style=\"display: none; width: 100%;\" class=\"slide-2733 ms-image \" aria-roledescription=\"slide\" data-date=\"2018-11-09 09:51:16\" data-filename=\"november-2018-354x550.jpg\" data-slide-type=\"image\"><img loading=\"lazy\" decoding=\"async\" src=\"https:\/\/kleinvielen-ev.de\/wp-content\/uploads\/2018\/11\/november-2018-354x550.jpg\" height=\"700\" width=\"450\" alt=\"\" class=\"slider-2438 slide-2733 msDefaultImage\" title=\"november 2018\" \/><\/li>\n                <li style=\"display: none; width: 100%;\" class=\"slide-2473 ms-image \" aria-roledescription=\"slide\" data-date=\"2018-09-06 13:03:00\" data-filename=\"IMG_20171117_131703323_HDR-450x700.jpg\" data-slide-type=\"image\"><img loading=\"lazy\" decoding=\"async\" src=\"https:\/\/kleinvielen-ev.de\/wp-content\/uploads\/2018\/09\/IMG_20171117_131703323_HDR-450x700.jpg\" height=\"700\" width=\"450\" alt=\"\" class=\"slider-2438 slide-2473 msDefaultImage\" title=\"IMG_20171117_131703323_HDR\" \/><\/li>\n            <\/ul>\n        <\/div>\n        \n    <\/div>\n<\/div><\/p>\n","protected":false},"excerpt":{"rendered":"<p>Als der Klein Vielener Gutsherr Eduard Jahn nach 1850 zu Ehren seiner verstorbenen Frau eine Kapelle auf dem Klingenberg, 200 Meter s\u00fcdlich des alten Gutsparkes, bauen lie\u00df, veranlasste er auch die parkgem\u00e4\u00dfe Gestaltung des Umfeldes. Er lie\u00df einen Weg vom alten Gutspark zum Klingenberg anlegen, der dadurch in die gesamte Parkanlage einbezogen wurde. Am Weg &hellip; <a href=\"https:\/\/kleinvielen-ev.de\/?page_id=2460\" class=\"more-link\"><span class=\"screen-reader-text\">Gutspark Klein Vielen mit Allee und Klingenberg<\/span> weiterlesen <span class=\"meta-nav\">&rarr;<\/span><\/a><\/p>\n","protected":false},"author":2,"featured_media":0,"parent":83,"menu_order":0,"comment_status":"closed","ping_status":"closed","template":"","meta":{"footnotes":""},"_links":{"self":[{"href":"https:\/\/kleinvielen-ev.de\/index.php?rest_route=\/wp\/v2\/pages\/2460"}],"collection":[{"href":"https:\/\/kleinvielen-ev.de\/index.php?rest_route=\/wp\/v2\/pages"}],"about":[{"href":"https:\/\/kleinvielen-ev.de\/index.php?rest_route=\/wp\/v2\/types\/page"}],"author":[{"embeddable":true,"href":"https:\/\/kleinvielen-ev.de\/index.php?rest_route=\/wp\/v2\/users\/2"}],"replies":[{"embeddable":true,"href":"https:\/\/kleinvielen-ev.de\/index.php?rest_route=%2Fwp%2Fv2%2Fcomments&post=2460"}],"version-history":[{"count":23,"href":"https:\/\/kleinvielen-ev.de\/index.php?rest_route=\/wp\/v2\/pages\/2460\/revisions"}],"predecessor-version":[{"id":4432,"href":"https:\/\/kleinvielen-ev.de\/index.php?rest_route=\/wp\/v2\/pages\/2460\/revisions\/4432"}],"up":[{"embeddable":true,"href":"https:\/\/kleinvielen-ev.de\/index.php?rest_route=\/wp\/v2\/pages\/83"}],"wp:attachment":[{"href":"https:\/\/kleinvielen-ev.de\/index.php?rest_route=%2Fwp%2Fv2%2Fmedia&parent=2460"}],"curies":[{"name":"wp","href":"https:\/\/api.w.org\/{rel}","templated":true}]}}