{"id":2693,"date":"2018-10-21T14:17:23","date_gmt":"2018-10-21T14:17:23","guid":{"rendered":"http:\/\/kleinvielen-ev.de\/?page_id=2693"},"modified":"2022-02-02T17:44:41","modified_gmt":"2022-02-02T17:44:41","slug":"ministerium-fuer-inneres-und-europa-mecklenburg-vorpommern","status":"publish","type":"page","link":"https:\/\/kleinvielen-ev.de\/?page_id=2693","title":{"rendered":"Land Mecklenburg-Vorpommern"},"content":{"rendered":"<p>Das Land Mecklenburg-Vorpommern\u00a0f\u00f6rderte den dritten<a href=\"http:\/\/kleinvielen-ev.de\/wp-content\/uploads\/2019\/10\/Nk-Foerderung-Land-2019-10-26-Internet.jpg\"><img loading=\"lazy\" decoding=\"async\" class=\"wp-image-3524 alignright\" src=\"http:\/\/kleinvielen-ev.de\/wp-content\/uploads\/2019\/10\/Nk-Foerderung-Land-2019-10-26-Internet.jpg\" alt=\"\" width=\"184\" height=\"165\" \/><\/a><br \/>\nBauabschnitt an der Jahn-Kapelle Klein Vielen \u00fcber das Programm \u201eidentit\u00e4tsstiftende Projekte\u201c in H\u00f6he von bis zu <strong>350.600 Euro<\/strong>.<br \/>\nDer Nordkurier berichtete in seiner Strelitzer Ausgabe am 22.10.2018 \u00fcber die Vorank\u00fcndigung und ein Jahr sp\u00e4ter, am 25.10.2019, wurde diese Vorank\u00fcndigung best\u00e4tigt (s. Abbildungen)<br \/>\nDie Gemeinde Klein Vielen hatte im vergangenen Jahr einen entsprechenden Antrag eingereicht, um mit diesem 3. Bauabschnitt die Restarbeiten an der Kubatur der Kapelle bew\u00e4ltigen zu k\u00f6nnen.<a href=\"http:\/\/kleinvielen-ev.de\/wp-content\/uploads\/2018\/10\/NK-2018_10_22_150dpi.jpg\"><img loading=\"lazy\" decoding=\"async\" class=\" wp-image-2714 alignright\" src=\"http:\/\/kleinvielen-ev.de\/wp-content\/uploads\/2018\/10\/NK-2018_10_22_150dpi-884x1024.jpg\" alt=\"\" width=\"162\" height=\"187\" \/><\/a><br \/>\nEs geht dabei um die Schmuckelemente an der Kapelle:<br \/>\n&#8211; die Restaurierung der 16 Fialen,<br \/>\n&#8211; die Sanierung der 16 Fenster- und<br \/>\n&#8211; das Verfugen der Mauer im Erdgeschoss sowie m\u00f6glichst<br \/>\n&#8211; den Wiederaufbau des Wimperges am Eingangsportal zur Kapelle.<\/p>\n<h4><strong>Die Gemeinde Klein Vielen und die Vereine Klein Vielen e. V. und F\u00f6rderverein Jahn-Kapelle e. V. bedanken sich ganz herzlich f\u00fcr diese wichtige Unterst\u00fctzung!!<\/strong><\/h4>\n","protected":false},"excerpt":{"rendered":"<p>Das Land Mecklenburg-Vorpommern\u00a0f\u00f6rderte den dritten Bauabschnitt an der Jahn-Kapelle Klein Vielen \u00fcber das Programm \u201eidentit\u00e4tsstiftende Projekte\u201c in H\u00f6he von bis zu 350.600 Euro. Der Nordkurier berichtete in seiner Strelitzer Ausgabe am 22.10.2018 \u00fcber die Vorank\u00fcndigung und ein Jahr sp\u00e4ter, am 25.10.2019, wurde diese Vorank\u00fcndigung best\u00e4tigt (s. Abbildungen) Die Gemeinde Klein Vielen hatte im vergangenen Jahr &hellip; <a href=\"https:\/\/kleinvielen-ev.de\/?page_id=2693\" class=\"more-link\"><span class=\"screen-reader-text\">Land Mecklenburg-Vorpommern<\/span> weiterlesen <span class=\"meta-nav\">&rarr;<\/span><\/a><\/p>\n","protected":false},"author":2,"featured_media":0,"parent":1582,"menu_order":0,"comment_status":"closed","ping_status":"closed","template":"","meta":{"footnotes":""},"_links":{"self":[{"href":"https:\/\/kleinvielen-ev.de\/index.php?rest_route=\/wp\/v2\/pages\/2693"}],"collection":[{"href":"https:\/\/kleinvielen-ev.de\/index.php?rest_route=\/wp\/v2\/pages"}],"about":[{"href":"https:\/\/kleinvielen-ev.de\/index.php?rest_route=\/wp\/v2\/types\/page"}],"author":[{"embeddable":true,"href":"https:\/\/kleinvielen-ev.de\/index.php?rest_route=\/wp\/v2\/users\/2"}],"replies":[{"embeddable":true,"href":"https:\/\/kleinvielen-ev.de\/index.php?rest_route=%2Fwp%2Fv2%2Fcomments&post=2693"}],"version-history":[{"count":11,"href":"https:\/\/kleinvielen-ev.de\/index.php?rest_route=\/wp\/v2\/pages\/2693\/revisions"}],"predecessor-version":[{"id":5303,"href":"https:\/\/kleinvielen-ev.de\/index.php?rest_route=\/wp\/v2\/pages\/2693\/revisions\/5303"}],"up":[{"embeddable":true,"href":"https:\/\/kleinvielen-ev.de\/index.php?rest_route=\/wp\/v2\/pages\/1582"}],"wp:attachment":[{"href":"https:\/\/kleinvielen-ev.de\/index.php?rest_route=%2Fwp%2Fv2%2Fmedia&parent=2693"}],"curies":[{"name":"wp","href":"https:\/\/api.w.org\/{rel}","templated":true}]}}

<p>Das Land Mecklenburg-Vorpommern förderte den dritten<a href="http://kleinvielen-ev.de/wp-content/uploads/2019/10/Nk-Foerderung-Land-2019-10-26-Internet.jpg"><img loading="lazy" decoding="async" class="wp-image-3524 alignright" src="http://kleinvielen-ev.de/wp-content/uploads/2019/10/Nk-Foerderung-Land-2019-10-26-Internet.jpg" alt="" width="184" height="165" /></a><br />
Bauabschnitt an der Jahn-Kapelle Klein Vielen über das Programm „identitätsstiftende Projekte“ in Höhe von bis zu <strong>350.600 Euro</strong>.<br />
Der Nordkurier berichtete in seiner Strelitzer Ausgabe am 22.10.2018 über die Vorankündigung und ein Jahr später, am 25.10.2019, wurde diese Vorankündigung bestätigt (s. Abbildungen)<br />
Die Gemeinde Klein Vielen hatte im vergangenen Jahr einen entsprechenden Antrag eingereicht, um mit diesem 3. Bauabschnitt die Restarbeiten an der Kubatur der Kapelle bewältigen zu können.<a href="http://kleinvielen-ev.de/wp-content/uploads/2018/10/NK-2018_10_22_150dpi.jpg"><img loading="lazy" decoding="async" class=" wp-image-2714 alignright" src="http://kleinvielen-ev.de/wp-content/uploads/2018/10/NK-2018_10_22_150dpi-884x1024.jpg" alt="" width="162" height="187" /></a><br />
Es geht dabei um die Schmuckelemente an der Kapelle:<br />
&#8211; die Restaurierung der 16 Fialen,<br />
&#8211; die Sanierung der 16 Fenster- und<br />
&#8211; das Verfugen der Mauer im Erdgeschoss sowie möglichst<br />
&#8211; den Wiederaufbau des Wimperges am Eingangsportal zur Kapelle.</p>
<h4><strong>Die Gemeinde Klein Vielen und die Vereine Klein Vielen e. V. und Förderverein Jahn-Kapelle e. V. bedanken sich ganz herzlich für diese wichtige Unterstützung!!</strong></h4>

<p>Das Land Mecklenburg-Vorpommern förderte den dritten Bauabschnitt an der Jahn-Kapelle Klein Vielen über das Programm „identitätsstiftende Projekte“ in Höhe von bis zu 350.600 Euro. Der Nordkurier berichtete in seiner Strelitzer Ausgabe am 22.10.2018 über die Vorankündigung und ein Jahr später, am 25.10.2019, wurde diese Vorankündigung bestätigt (s. Abbildungen) Die Gemeinde Klein Vielen hatte im vergangenen Jahr &hellip; <a href="https://kleinvielen-ev.de/?page_id=2693" class="more-link"><span class="screen-reader-text">Land Mecklenburg-Vorpommern</span> weiterlesen <span class="meta-nav">&rarr;</span></a></p>
