{"id":2985,"date":"2019-02-28T12:30:30","date_gmt":"2019-02-28T12:30:30","guid":{"rendered":"http:\/\/kleinvielen-ev.de\/?page_id=2985"},"modified":"2025-08-10T12:14:14","modified_gmt":"2025-08-10T11:14:14","slug":"studienprojekt-grossherzogliche-grenze","status":"publish","type":"page","link":"https:\/\/kleinvielen-ev.de\/?page_id=2985","title":{"rendered":"Steinerne Zeugen einer herrschaftlichen Epoche"},"content":{"rendered":"<h4>Ergebnisse einer Studienarbeit an der<br \/>\nHochschule Neubrandenburg<\/h4>\n<p>Eine Ausstellung ist das Ergebnis eines Studienprojektes, das Studierende des Studiengangs Naturschutz und Landnutzungsplanung an der Hochschule Neubrandenburg absolvierten. In dem Studienprojekt machten sie sich auf die Spuren der ehemaligen Grenze zwischen den Gro\u00dfherzogt\u00fcmern Mecklenburg-Strelitz und Mecklenburg-Schwerin.<br \/>\n<div id=\"metaslider-id-3465\" style=\"max-width: 600px;\" class=\"ml-slider-3-108-0 metaslider metaslider-flex metaslider-3465 ml-slider has-dots-nav ms-theme-default\" role=\"region\" aria-label=\"Grenze\" data-height=\"850\" data-width=\"600\">\n    <div id=\"metaslider_container_3465\">\n        <div id=\"metaslider_3465\">\n            <ul class='slides'>\n                <li style=\"display: block; width: 100%;\" class=\"slide-3509 ms-image \" aria-roledescription=\"slide\" data-date=\"2019-10-23 08:26:47\" data-filename=\"01-Grenze-600x850.jpg\" data-slide-type=\"image\"><img loading=\"lazy\" decoding=\"async\" src=\"https:\/\/kleinvielen-ev.de\/wp-content\/uploads\/2019\/10\/01-Grenze-600x850.jpg\" height=\"850\" width=\"600\" alt=\"\" class=\"slider-3465 slide-3509 msDefaultImage\" title=\"01 Grenze\" \/><\/li>\n                <li style=\"display: none; width: 100%;\" class=\"slide-3510 ms-image \" aria-roledescription=\"slide\" data-date=\"2019-10-23 08:26:47\" data-filename=\"02-Grenze-600x850.jpg\" data-slide-type=\"image\"><img loading=\"lazy\" decoding=\"async\" src=\"https:\/\/kleinvielen-ev.de\/wp-content\/uploads\/2019\/10\/02-Grenze-600x850.jpg\" height=\"850\" width=\"600\" alt=\"\" class=\"slider-3465 slide-3510 msDefaultImage\" title=\"02 Grenze\" \/><\/li>\n                <li style=\"display: none; width: 100%;\" class=\"slide-3511 ms-image \" aria-roledescription=\"slide\" data-date=\"2019-10-23 08:26:47\" data-filename=\"03-Grenze-600x850.jpg\" data-slide-type=\"image\"><img loading=\"lazy\" decoding=\"async\" src=\"https:\/\/kleinvielen-ev.de\/wp-content\/uploads\/2019\/10\/03-Grenze-600x850.jpg\" height=\"850\" width=\"600\" alt=\"\" class=\"slider-3465 slide-3511 msDefaultImage\" title=\"03 Grenze\" \/><\/li>\n                <li style=\"display: none; width: 100%;\" class=\"slide-3512 ms-image \" aria-roledescription=\"slide\" data-date=\"2019-10-23 08:26:47\" data-filename=\"04-Grenze-600x850.jpg\" data-slide-type=\"image\"><img loading=\"lazy\" decoding=\"async\" src=\"https:\/\/kleinvielen-ev.de\/wp-content\/uploads\/2019\/10\/04-Grenze-600x850.jpg\" height=\"850\" width=\"600\" alt=\"\" class=\"slider-3465 slide-3512 msDefaultImage\" title=\"04 Grenze\" \/><\/li>\n                <li style=\"display: none; width: 100%;\" class=\"slide-3513 ms-image \" aria-roledescription=\"slide\" data-date=\"2019-10-23 08:26:47\" data-filename=\"05-Grenze-600x850.jpg\" data-slide-type=\"image\"><img loading=\"lazy\" decoding=\"async\" src=\"https:\/\/kleinvielen-ev.de\/wp-content\/uploads\/2019\/10\/05-Grenze-600x850.jpg\" height=\"850\" width=\"600\" alt=\"\" class=\"slider-3465 slide-3513 msDefaultImage\" title=\"05 Grenze\" \/><\/li>\n                <li style=\"display: none; width: 100%;\" class=\"slide-3514 ms-image \" aria-roledescription=\"slide\" data-date=\"2019-10-23 08:26:48\" data-filename=\"06-Grenze-600x850.jpg\" data-slide-type=\"image\"><img loading=\"lazy\" decoding=\"async\" src=\"https:\/\/kleinvielen-ev.de\/wp-content\/uploads\/2019\/10\/06-Grenze-600x850.jpg\" height=\"850\" width=\"600\" alt=\"\" class=\"slider-3465 slide-3514 msDefaultImage\" title=\"06 Grenze\" \/><\/li>\n                <li style=\"display: none; width: 100%;\" class=\"slide-3515 ms-image \" aria-roledescription=\"slide\" data-date=\"2019-10-23 08:26:48\" data-filename=\"07-Grenze-600x850.jpg\" data-slide-type=\"image\"><img loading=\"lazy\" decoding=\"async\" src=\"https:\/\/kleinvielen-ev.de\/wp-content\/uploads\/2019\/10\/07-Grenze-600x850.jpg\" height=\"850\" width=\"600\" alt=\"\" class=\"slider-3465 slide-3515 msDefaultImage\" title=\"07 Grenze\" \/><\/li>\n                <li style=\"display: none; width: 100%;\" class=\"slide-3516 ms-image \" aria-roledescription=\"slide\" data-date=\"2019-10-23 08:26:48\" data-filename=\"08-Grenze-600x850.jpg\" data-slide-type=\"image\"><img loading=\"lazy\" decoding=\"async\" src=\"https:\/\/kleinvielen-ev.de\/wp-content\/uploads\/2019\/10\/08-Grenze-600x850.jpg\" height=\"850\" width=\"600\" alt=\"\" class=\"slider-3465 slide-3516 msDefaultImage\" title=\"08 Grenze\" \/><\/li>\n                <li style=\"display: none; width: 100%;\" class=\"slide-3517 ms-image \" aria-roledescription=\"slide\" data-date=\"2019-10-23 08:26:48\" data-filename=\"09-Grenze-600x850.jpg\" data-slide-type=\"image\"><img loading=\"lazy\" decoding=\"async\" src=\"https:\/\/kleinvielen-ev.de\/wp-content\/uploads\/2019\/10\/09-Grenze-600x850.jpg\" height=\"850\" width=\"600\" alt=\"\" class=\"slider-3465 slide-3517 msDefaultImage\" title=\"09 Grenze\" \/><\/li>\n                <li style=\"display: none; width: 100%;\" class=\"slide-3518 ms-image \" aria-roledescription=\"slide\" data-date=\"2019-10-23 08:26:48\" data-filename=\"10-Grenze-600x850.jpg\" data-slide-type=\"image\"><img loading=\"lazy\" decoding=\"async\" src=\"https:\/\/kleinvielen-ev.de\/wp-content\/uploads\/2019\/10\/10-Grenze-600x850.jpg\" height=\"850\" width=\"600\" alt=\"\" class=\"slider-3465 slide-3518 msDefaultImage\" title=\"10 Grenze\" \/><\/li>\n            <\/ul>\n        <\/div>\n        \n    <\/div>\n<\/div><br \/>\nDie Studienarbeit war Teil eines gr\u00f6\u00dferen Forschungsprojektes der Hochschule Neubrandenburg mit Namen &#8222;<a href=\"https:\/\/www.hs-nb.de\/hiregion\/\">HiRegion<\/a>&#8222;, in dem der Klein Vielen e.V. als Kooperationspartner mitwirkt.<br \/>\nDie Studierenden wollten wissen, ob es noch Zeugnisse der gro\u00dfherzoglichen Grenze gibt, z.B. in Form von Grenzsteinen oder Grenzb\u00e4umen.<br \/>\nDazu studierten sie alte Karten, suchten nach schriftlichen Quellen \u00fcber Grenzmarkierungen, befragten B\u00fcrger und B\u00fcrgerinnen und begaben sich dann selbst auf Wanderungen, um den alten Grenzverlauf zu erkunden.<br \/>\nUnd sie wurden f\u00fcndig: Zwischen Oktober 2018 und Dezember 2018 erfassten die Studierenden im Gel\u00e4nde in einem ausgew\u00e4hlten Abschnitt der ehemaligen Grenze die noch vorhandenen Grenzsteine. Es kamen zwischen Prillwitz und Adamsdorf-S\u00fcd <strong>mehr als 200 Grenzsteine<\/strong> zusammen, steinerne Zeugen einer herrschaftlichen Epoche.<br \/>\nDie jungen Leute erfuhren dabei, dass anders als in anderen Bundesl\u00e4ndern die wissenschaftliche Auseinandersetzung mit solchen Kulturlandschaftselementen in Mecklenburg-Vorpommern nahezu gar nicht erfolgt ist. Die Studierenden betraten somit Neuland.<br \/>\nGleichzeitig setzten sie sich mit der Landnutzungsgeschichte des Projektgebietes und der \u201eGrenz-Geschichte\u201c Mecklenburg-Vorpommerns auseinander, um die Bedeutung dieser Grenze nachvollziehen zu k\u00f6nnen.<br \/>\nDie Ergebnisse ihrer Arbeit sind wichtig. Sie hoben einen bisher weitgehend unbekannten, untersch\u00e4tzten heimatkundlichen Schatz und ermittelten dabei auch, welchen Gef\u00e4hrdungen er ausgesetzt ist. Auf manchen Abschnitten besteht ein erhebliches Gef\u00e4hrdungspotenzial, z. B. durch &#8222;Wegebau&#8220; im Forst.<br \/>\nDer Schutz und die Pflege historischer Kulturlandschaftselemente geh\u00f6rt immerhin zum gesetzlichen Auftrag der Bundes- wie Landesnaturschutzgesetze. Und um solche Kulturlandschaftselemente handelt es sich bei den Grenzsteinen der ehemaligen gro\u00dfherzoglichen Grenze.<br \/>\nUnter Schutz stehen die Grenzsteine (noch) nicht, aber vielleicht tr\u00e4gt die Arbeit der Hochschule dazu bei, sensibler f\u00fcr den Schutz dieser wichtigen Zeugen der Vergangenheit zu werden.<\/p>\n","protected":false},"excerpt":{"rendered":"<p>Ergebnisse einer Studienarbeit an der Hochschule Neubrandenburg Eine Ausstellung ist das Ergebnis eines Studienprojektes, das Studierende des Studiengangs Naturschutz und Landnutzungsplanung an der Hochschule Neubrandenburg absolvierten. In dem Studienprojekt machten sie sich auf die Spuren der ehemaligen Grenze zwischen den Gro\u00dfherzogt\u00fcmern Mecklenburg-Strelitz und Mecklenburg-Schwerin. Die Studienarbeit war Teil eines gr\u00f6\u00dferen Forschungsprojektes der Hochschule Neubrandenburg mit &hellip; <a href=\"https:\/\/kleinvielen-ev.de\/?page_id=2985\" class=\"more-link\"><span class=\"screen-reader-text\">Steinerne Zeugen einer herrschaftlichen Epoche<\/span> weiterlesen <span class=\"meta-nav\">&rarr;<\/span><\/a><\/p>\n","protected":false},"author":2,"featured_media":0,"parent":656,"menu_order":0,"comment_status":"closed","ping_status":"closed","template":"","meta":{"footnotes":""},"_links":{"self":[{"href":"https:\/\/kleinvielen-ev.de\/index.php?rest_route=\/wp\/v2\/pages\/2985"}],"collection":[{"href":"https:\/\/kleinvielen-ev.de\/index.php?rest_route=\/wp\/v2\/pages"}],"about":[{"href":"https:\/\/kleinvielen-ev.de\/index.php?rest_route=\/wp\/v2\/types\/page"}],"author":[{"embeddable":true,"href":"https:\/\/kleinvielen-ev.de\/index.php?rest_route=\/wp\/v2\/users\/2"}],"replies":[{"embeddable":true,"href":"https:\/\/kleinvielen-ev.de\/index.php?rest_route=%2Fwp%2Fv2%2Fcomments&post=2985"}],"version-history":[{"count":28,"href":"https:\/\/kleinvielen-ev.de\/index.php?rest_route=\/wp\/v2\/pages\/2985\/revisions"}],"predecessor-version":[{"id":7387,"href":"https:\/\/kleinvielen-ev.de\/index.php?rest_route=\/wp\/v2\/pages\/2985\/revisions\/7387"}],"up":[{"embeddable":true,"href":"https:\/\/kleinvielen-ev.de\/index.php?rest_route=\/wp\/v2\/pages\/656"}],"wp:attachment":[{"href":"https:\/\/kleinvielen-ev.de\/index.php?rest_route=%2Fwp%2Fv2%2Fmedia&parent=2985"}],"curies":[{"name":"wp","href":"https:\/\/api.w.org\/{rel}","templated":true}]}}