{"id":4066,"date":"2020-11-01T12:05:39","date_gmt":"2020-11-01T12:05:39","guid":{"rendered":"http:\/\/kleinvielen-ev.de\/?page_id=4066"},"modified":"2024-07-20T15:50:45","modified_gmt":"2024-07-20T14:50:45","slug":"schloesser-und-gutshaeuser","status":"publish","type":"page","link":"https:\/\/kleinvielen-ev.de\/?page_id=4066","title":{"rendered":"Schl\u00f6sser und Gutsh\u00e4user zwischen Lieps und Havelquelle"},"content":{"rendered":"<p>In unserer Gegend zwischen Lieps und Ha<a href=\"http:\/\/kleinvielen-ev.de\/wp-content\/uploads\/2020\/11\/Schloss-Hohenzieritz-PS-2014.jpg\"><img loading=\"lazy\" decoding=\"async\" class=\"wp-image-4071 alignright\" src=\"http:\/\/kleinvielen-ev.de\/wp-content\/uploads\/2020\/11\/Schloss-Hohenzieritz-PS-2014-1024x683.jpg\" alt=\"\" width=\"250\" height=\"167\" srcset=\"https:\/\/kleinvielen-ev.de\/wp-content\/uploads\/2020\/11\/Schloss-Hohenzieritz-PS-2014-1024x683.jpg 1024w, https:\/\/kleinvielen-ev.de\/wp-content\/uploads\/2020\/11\/Schloss-Hohenzieritz-PS-2014-300x200.jpg 300w, https:\/\/kleinvielen-ev.de\/wp-content\/uploads\/2020\/11\/Schloss-Hohenzieritz-PS-2014-768x512.jpg 768w, https:\/\/kleinvielen-ev.de\/wp-content\/uploads\/2020\/11\/Schloss-Hohenzieritz-PS-2014-272x182.jpg 272w, https:\/\/kleinvielen-ev.de\/wp-content\/uploads\/2020\/11\/Schloss-Hohenzieritz-PS-2014.jpg 1260w\" sizes=\"(max-width: 250px) 100vw, 250px\" \/><\/a>velquelle gibt es noch einige Gutsh\u00e4user.<br \/>\nGibt es auch Schl\u00f6sser?<br \/>\nDas Schloss Hohenzieritz &#8211; hier 2014 vom Schlosspark aus fotografiert &#8211; ist definitiv ein Schloss.<br \/>\nUnd das Jagdschloss Prillwitz ist ebenso ein Schloss. Warum?<br \/>\nGutshaus und Herrenhaus einerseits und Schloss andererseits werden zun\u00e4chst durch ihre Funktion unterschieden: Das Herren- oder Gutshaus ist immer der Mittelpunkt eines Gutshofs mit Landwirtschaft, eines Forstguts oder auch Weinguts (gewesen), w\u00e4hrend ein Schloss eben als landesherrlicher Sitz oder aber als Sitz eines Schlossgesessenen und lediglich als Wohnhaus diente.<br \/>\nIn Mecklenburg war der Begriff des <em>Schlosses<\/em>\u00a0daher ausdr\u00fccklich den landesherrlichen Sitzen vorbehalten, unabh\u00e4ngig von ihrer Gr\u00f6\u00dfe oder Architektur. \u00a0Das Schloss bezeichnete also ein landesherrliches Geb\u00e4ude mit Wohnfunktion.<a href=\"http:\/\/kleinvielen-ev.de\/wp-content\/uploads\/2020\/11\/Schloss-Hohenzieritz.jpg\"><img loading=\"lazy\" decoding=\"async\" class=\"wp-image-4076 alignright\" src=\"http:\/\/kleinvielen-ev.de\/wp-content\/uploads\/2020\/11\/Schloss-Hohenzieritz-1024x705.jpg\" alt=\"\" width=\"250\" height=\"172\" srcset=\"https:\/\/kleinvielen-ev.de\/wp-content\/uploads\/2020\/11\/Schloss-Hohenzieritz-1024x705.jpg 1024w, https:\/\/kleinvielen-ev.de\/wp-content\/uploads\/2020\/11\/Schloss-Hohenzieritz-300x207.jpg 300w, https:\/\/kleinvielen-ev.de\/wp-content\/uploads\/2020\/11\/Schloss-Hohenzieritz-768x529.jpg 768w, https:\/\/kleinvielen-ev.de\/wp-content\/uploads\/2020\/11\/Schloss-Hohenzieritz.jpg 1181w\" sizes=\"(max-width: 250px) 100vw, 250px\" \/><\/a><br \/>\n<em>\u201eDen Terminus \u201aSchloss\u2018 reservierte 1755 der Jurist Friedrich Carl von Moser f\u00fcr landesherrliche Bauten: \u201aDas Wort: Schlo\u00df kan nur von den Wohnungen regierender Herrn, und ihnen der Geburt nach gleichen gebraucht werden\u2018. Und das trifft nicht nur auf Residenzschl\u00f6sser zu, sondern auch auf \u201aalle andere im dem Land zerstreute zu einer w\u00fcrcklich best\u00e4ndigen Wohnung, oder nur zur Lust, Jagd ic. gewidmete grosse Geb\u00e4ude\u2018. Sitzen und H\u00e4usern des Adels hingegen stehe der Begriff nicht zu, so Moser. Die Bezeichnung Schloss definiert die Architektur also \u00fcber den Stand des Besitzers. Eine formale Gestaltung oder die Gr\u00f6\u00dfe des Geb\u00e4udes sind nicht ausschlaggebend\u201c<\/em> (La\u00df 2019: 245\u00a0f.).<br \/>\nUnd so erkl\u00e4rt sich auch, warum in Hohenzieritz und Prillwitz Schl\u00f6sser stehen. Hohenzieritz war Sommerresidenz der (Gro\u00df-) Herz\u00f6ge von Mecklenburg-Strelitz, Prillwitz Jagdsitz der (Gro\u00df) Herz\u00f6ge. Das historische Foto zeigt das Schloss Hohenzieritz um das Jahr 1907 (Haberland 1907: 48).<br \/>\nIn den pommerschen Herzogt\u00fcmern war es im Prinzip genauso, allerdings mit Ausnahme von H\u00e4usern, die Adelsgeschlechtern des Landes geh\u00f6rten, die von den pommerschen Herz\u00f6gen aufgrund ihrer Verdienste oder Bedeutung ausdr\u00fccklich das Pr\u00e4dikat <em>Schlossgesessene<\/em> verliehen bekamen, wiederum unabh\u00e4ngig vom Bautyp ihrer H\u00e4user.<br \/>\nAuch die <em>Landesbeschreibung<\/em> der benachbarten Mark Brandenburg von 1373 enth\u00e4lt die Kategorie der <em>Schlossgesessenen<\/em>.<br \/>\nDas Schloss war (und ist) in Mecklenburg und Vorpommern ebenso wie in Brandenburg somit eine historisch-rechtliche und keine architektonische Bezeichnung.<br \/>\nDie Begriffe <em>Gutshaus oder<\/em> <em>Herrenhaus<\/em> galten indessen f\u00fcr niederadlige Sitze, unabh\u00e4ngig von ihrer Gr\u00f6\u00dfe oder ihrem Baustil.<br \/>\nUnd als sich vornehmlich seit dem 19. Jahrhundert im Zuge der Industriellen Revolution wohlhabende B\u00fcrger G\u00fcter kauften, auch in Mecklenburg und Pommern, galt dies auch f\u00fcr Guts- und Herrenh\u00e4user in deren Besitz.<br \/>\nAber in unserer Gegend werden mancherorts Gutsh\u00e4user als Schl\u00f6sser bezeichnet, obwohl sie es nicht sind.<br \/>\nEs war einerseits wohl eine (klein-)b\u00fcrgerliche Attit\u00fcde. Andererseits geschieht es heute wohl vor allem aus Marketinggr\u00fcnden, da es sich, etwa im Bereich des Tourismus, nat\u00fcrlich attraktiver anh\u00f6rt, in einem Schloss Ferien zu machen als in einem Guts- oder Herrenhaus.<br \/>\nAndererseits werden Gutsh\u00e4user auch im \u201eVolksmund\u201c bisweilen als Schl\u00f6sser bezeichnet.<br \/>\nVielleicht kam hier fr\u00fcher die Zugeh\u00f6rigkeit zu verschiedenen Klassen in der Gesellschaft zum Ausdruck, die dazu f\u00fchrte, dass den abh\u00e4ngigen und besitzlosen Landarbeitern und Landarbeiterinnen das imponierende Haus des Gutseigent\u00fcmers und Gutsherrn als Schloss erschien.<br \/>\nUnd auch heute k\u00f6nnten Unterschiede in der sozialen Zugeh\u00f6rigkeit noch eine Ursache f\u00fcr die Bezeichnung von Gutsh\u00e4usern als Schl\u00f6sser sein.<br \/>\nSo wird heute noch von manchen das <a href=\"https:\/\/kleinvielen-ev.de\/?page_id=77\"><strong>Gutshaus in Peckatel<\/strong><\/a> als Schloss bezeichnet. Sogar auf Werbetafeln findet sich diese Bezeichnung.<br \/>\nAber wie man es dreht oder wendet: Es bleibt unter historischen Gesichtspunkten ein Gutshaus.<\/p>\n<p>Auf einer der Seiten der von engagierten Bearbeiterinnen und Bearbeitern redigierten, sehr informativen Internetseite www.gutshaeuser.de hei\u00dft es zu Recht:<br \/>\n<em>\u201eDie Bezeichnung Schloss steht nur den landesherrlichen Residenzen zu, also den Schl\u00f6ssern der Gro\u00dfherz\u00f6ge und Herz\u00f6ge von Mecklenburg-Schwerin und Mecklenburg-Strelitz sowie den ehemaligen Pommernherz\u00f6gen aus dem Greifengeschlecht. Ausnahmen sind das Schloss Putbus als Residenz der F\u00fcrsten zu R\u00fcgen, das Schloss Granitz und das Schloss Bothmer. Weitere Herrenh\u00e4user, die zwar zum landesf\u00fcrstlichen Besitz geh\u00f6rten, dienten nicht als Residenzen und sind somit nicht den Schl\u00f6ssern zugeordnet.<\/em><br \/>\n<em>Auch wenn die einheimische Bev\u00f6lkerung, die Gemeinden und andere Besitzer ihr Herrenhaus stolz als Schloss bezeichnen und vermarkten, so sind es unter kulturhistorischen Gesichtspunkten doch Herrenh\u00e4user. Das ist keinesfalls als Wertung zu Sch\u00f6nheit oder Wichtigkeit von uns zu verstehen.\u201c<\/em><\/p>\n<p>Weitere Gutsh\u00e4user gibt es zwischen Lieps und Havelquelle noch in Weisdin, Usadel, Prillwitz, Blumenholz, Weisdin, Adamsdorf, Gro\u00df Vielen, Dambeck und Ankershagen. Und es gab auch welche in Pieverstorf und Klein Vielen, die heute nicht mehr existieren. Das Gutshaus in Klein Vielen wurde im \u00dcbrigen, als es noch existierte, von Menschen in diesem Dorf einst auch als Schloss bezeichnet. Und auch vom Schloss Dambeck ist bisweilen die Rede.<\/p>\n<p><strong>Quellen<br \/>\n<\/strong>https:\/\/gutshaeuser.de\/de\/werbetipps_und_infos\/schloss_gutshaus_oder_herrenhaus (10.6.2020).<br \/>\nhttps:\/\/de.wikipedia.org\/wiki\/Schloss_(Architektur) (11.7.2020).<br \/>\nHaberland, M. 1907: Hohenzieritz. Mecklenburg. Zeitschrift des Heimatbundes Mecklenburg <strong>2<\/strong>, Nr. 2: 47 &#8211; 50.<br \/>\nLa\u00df, H. 2019: Begriffe erkunden. Schloss. In: Burgen und Schl\u00f6sser. Zeitschrift f\u00fcr Burgenforschung und Denkmalpflege <strong>60<\/strong> (4): 245\u2013247.<br \/>\nFoto Schloss Hohenzieritz: Behrens 2014.<\/p>\n","protected":false},"excerpt":{"rendered":"<p>In unserer Gegend zwischen Lieps und Havelquelle gibt es noch einige Gutsh\u00e4user. Gibt es auch Schl\u00f6sser? Das Schloss Hohenzieritz &#8211; hier 2014 vom Schlosspark aus fotografiert &#8211; ist definitiv ein Schloss. Und das Jagdschloss Prillwitz ist ebenso ein Schloss. Warum? Gutshaus und Herrenhaus einerseits und Schloss andererseits werden zun\u00e4chst durch ihre Funktion unterschieden: Das Herren- &hellip; <a href=\"https:\/\/kleinvielen-ev.de\/?page_id=4066\" class=\"more-link\"><span class=\"screen-reader-text\">Schl\u00f6sser und Gutsh\u00e4user zwischen Lieps und Havelquelle<\/span> weiterlesen <span class=\"meta-nav\">&rarr;<\/span><\/a><\/p>\n","protected":false},"author":2,"featured_media":0,"parent":0,"menu_order":0,"comment_status":"closed","ping_status":"closed","template":"","meta":{"footnotes":""},"_links":{"self":[{"href":"https:\/\/kleinvielen-ev.de\/index.php?rest_route=\/wp\/v2\/pages\/4066"}],"collection":[{"href":"https:\/\/kleinvielen-ev.de\/index.php?rest_route=\/wp\/v2\/pages"}],"about":[{"href":"https:\/\/kleinvielen-ev.de\/index.php?rest_route=\/wp\/v2\/types\/page"}],"author":[{"embeddable":true,"href":"https:\/\/kleinvielen-ev.de\/index.php?rest_route=\/wp\/v2\/users\/2"}],"replies":[{"embeddable":true,"href":"https:\/\/kleinvielen-ev.de\/index.php?rest_route=%2Fwp%2Fv2%2Fcomments&post=4066"}],"version-history":[{"count":16,"href":"https:\/\/kleinvielen-ev.de\/index.php?rest_route=\/wp\/v2\/pages\/4066\/revisions"}],"predecessor-version":[{"id":6557,"href":"https:\/\/kleinvielen-ev.de\/index.php?rest_route=\/wp\/v2\/pages\/4066\/revisions\/6557"}],"wp:attachment":[{"href":"https:\/\/kleinvielen-ev.de\/index.php?rest_route=%2Fwp%2Fv2%2Fmedia&parent=4066"}],"curies":[{"name":"wp","href":"https:\/\/api.w.org\/{rel}","templated":true}]}}