{"id":4360,"date":"2021-02-23T17:08:38","date_gmt":"2021-02-23T17:08:38","guid":{"rendered":"http:\/\/kleinvielen-ev.de\/?page_id=4360"},"modified":"2024-07-20T15:40:53","modified_gmt":"2024-07-20T14:40:53","slug":"orte-zwischen-lieps-und-havelquelle","status":"publish","type":"page","link":"https:\/\/kleinvielen-ev.de\/?page_id=4360","title":{"rendered":"Orte zwischen Lieps und Havelquelle"},"content":{"rendered":"<p>Hier schauen wir \u00fcber die Grenzen der Gemeinde Klein Vielen hinaus und stelle Orte in den Nachbargemeinden vor.<\/p>\n<p><a href=\"https:\/\/kleinvielen-ev.de\/?page_id=4811\"><strong>Wem geh\u00f6rt(e) die Landschaft zwischen Lieps und Havelquelle<\/strong><\/a><\/p>\n<p><a href=\"http:\/\/kleinvielen-ev.de\/?page_id=4363\"><strong>Vorwerk, Dom\u00e4ne, Forstamt: Langhagen<\/strong><\/a><\/p>\n","protected":false},"excerpt":{"rendered":"<p>Hier schauen wir \u00fcber die Grenzen der Gemeinde Klein Vielen hinaus und stelle Orte in den Nachbargemeinden vor. Wem geh\u00f6rt(e) die Landschaft zwischen Lieps und Havelquelle Vorwerk, Dom\u00e4ne, Forstamt: Langhagen<\/p>\n","protected":false},"author":2,"featured_media":0,"parent":13,"menu_order":0,"comment_status":"closed","ping_status":"closed","template":"","meta":{"footnotes":""},"_links":{"self":[{"href":"https:\/\/kleinvielen-ev.de\/index.php?rest_route=\/wp\/v2\/pages\/4360"}],"collection":[{"href":"https:\/\/kleinvielen-ev.de\/index.php?rest_route=\/wp\/v2\/pages"}],"about":[{"href":"https:\/\/kleinvielen-ev.de\/index.php?rest_route=\/wp\/v2\/types\/page"}],"author":[{"embeddable":true,"href":"https:\/\/kleinvielen-ev.de\/index.php?rest_route=\/wp\/v2\/users\/2"}],"replies":[{"embeddable":true,"href":"https:\/\/kleinvielen-ev.de\/index.php?rest_route=%2Fwp%2Fv2%2Fcomments&post=4360"}],"version-history":[{"count":4,"href":"https:\/\/kleinvielen-ev.de\/index.php?rest_route=\/wp\/v2\/pages\/4360\/revisions"}],"predecessor-version":[{"id":6552,"href":"https:\/\/kleinvielen-ev.de\/index.php?rest_route=\/wp\/v2\/pages\/4360\/revisions\/6552"}],"up":[{"embeddable":true,"href":"https:\/\/kleinvielen-ev.de\/index.php?rest_route=\/wp\/v2\/pages\/13"}],"wp:attachment":[{"href":"https:\/\/kleinvielen-ev.de\/index.php?rest_route=%2Fwp%2Fv2%2Fmedia&parent=4360"}],"curies":[{"name":"wp","href":"https:\/\/api.w.org\/{rel}","templated":true}]}}