{"id":4592,"date":"2021-03-23T10:09:32","date_gmt":"2021-03-23T10:09:32","guid":{"rendered":"http:\/\/kleinvielen-ev.de\/?page_id=4592"},"modified":"2021-09-21T14:49:15","modified_gmt":"2021-09-21T14:49:15","slug":"wind-und-wassermuehle","status":"publish","type":"page","link":"https:\/\/kleinvielen-ev.de\/?page_id=4592","title":{"rendered":"Wind- und Wasserm\u00fchlen"},"content":{"rendered":"<p>Zwischen Lieps und Havelquelle sind in den historischen Messtischbl\u00e4ttern aus den 1880er Jahren insgesamt neun M\u00fchlen verzeichnet.<br \/>\nBei sieben dieser M\u00fchlen handelte es sich um ober- oder unterschl\u00e4chtige <a href=\"http:\/\/kleinvielen-ev.de\/?page_id=4638\"><strong><em>Wasserm\u00fchlen<\/em> <\/strong><\/a>und bei zweien um <a href=\"http:\/\/kleinvielen-ev.de\/?page_id=1753\"><strong><em>Windm\u00fchlen<\/em><\/strong><\/a>.<a href=\"http:\/\/kleinvielen-ev.de\/wp-content\/uploads\/2021\/03\/map_wassermuehlen.jpg\"><img loading=\"lazy\" decoding=\"async\" class=\"wp-image-4630 alignright\" src=\"http:\/\/kleinvielen-ev.de\/wp-content\/uploads\/2021\/03\/map_wassermuehlen-1024x1001.jpg\" alt=\"\" width=\"315\" height=\"308\" srcset=\"https:\/\/kleinvielen-ev.de\/wp-content\/uploads\/2021\/03\/map_wassermuehlen-1024x1001.jpg 1024w, https:\/\/kleinvielen-ev.de\/wp-content\/uploads\/2021\/03\/map_wassermuehlen-300x293.jpg 300w, https:\/\/kleinvielen-ev.de\/wp-content\/uploads\/2021\/03\/map_wassermuehlen-768x750.jpg 768w, https:\/\/kleinvielen-ev.de\/wp-content\/uploads\/2021\/03\/map_wassermuehlen.jpg 1181w\" sizes=\"(max-width: 315px) 100vw, 315px\" \/><\/a><br \/>\nDerzeit sind von den <em>Wasserm\u00fchlen<\/em> nur noch zwei M\u00fchlengeb\u00e4ude vollst\u00e4ndig erhalten. Diese befinden sich in Zippelow und bei Hohenzieritz (<a href=\"http:\/\/kleinvielen-ev.de\/?page_id=4645\">Sandm\u00fchle<\/a>). Von der Nonnenm\u00fchle am Nonnenbach n\u00f6rdlich Usadel und von der Hohenzieritzer M\u00fchle unweit der Sandm\u00fchle sind nur noch die Grundmauern vorhanden.<br \/>\nVollst\u00e4ndig abgetragen wurden die Pulverm\u00fchle und (bis auf einen Schuppen) die Wanzkaer Papierm\u00fchle nord\u00f6stlich bzw. s\u00fcd\u00f6stlich von Usadel. Auch diese beiden Wasserm\u00fchlen lagen\u00a0am Nonnenbach. Der Ausschnitt aus dem Messtischblatt von 1888 zeigt die Standorte der Nonnenm\u00fchle, der Pulverm\u00fchle und der Wanzkaer Papierm\u00fchle.<br \/>\nNichts mehr vorhanden ist auch\u00a0 von der Granziner Wasserm\u00fchle, die das Wasser der Havel antrieb.<\/p>\n<p>Auf die ehemaligen Standorte der <em>Bockwindm\u00fchlen<\/em> in Peckatel und Klein Vielen weisen heute nur noch Flurnamen und im Falle von Klein Vielen ein 1921 entstandenes Gem\u00e4lde hin.<br \/>\nAuf den zugeh\u00f6rigen Seiten wird detaillierter auf die Geschichte der einzelnen M\u00fchlen eingegangen.<\/p>\n<p>Windm\u00fchlen:<br \/>\n<strong><a href=\"http:\/\/kleinvielen-ev.de\/?page_id=4669\">Die Bockwindm\u00fchle in Klein Vielen<\/a><br \/>\n<a href=\"http:\/\/kleinvielen-ev.de\/?page_id=4685\">Die Bockwindm\u00fchle bei Peckatel<\/a><\/strong><\/p>\n<p>Wasserm\u00fchlen:<br \/>\n<strong><a href=\"http:\/\/kleinvielen-ev.de\/?page_id=4740\">Die Granziner Wasserm\u00fchle &#8211; und B\u00e4ckerei<\/a><\/strong><br \/>\n<a href=\"http:\/\/kleinvielen-ev.de\/?page_id=4844\"><strong>Die Hohenzieritzer M\u00fchle<\/strong><\/a><br \/>\n<a href=\"http:\/\/kleinvielen-ev.de\/?page_id=4645\"><strong>Die Sandm\u00fchle<\/strong><\/a><\/p>\n<p><strong>Quellen:<br \/>\n<\/strong>Abraham, M.; Berndt, T. &amp; G\u00f6tz, V. 2021: Wasserm\u00fchlen und Windm\u00fchlen. In: Hochschule Neubrandenburg, Studiengang Naturschutz und Landnutzungsplanung. Projektbericht Historische Kulturlandschaftselemente als Zeugnisse des Landschaftswandels. Neubrandenburg: 10\u201248.<br \/>\nKartenausschnitt\u00a0Messtischblatt 1888: Universit\u00e4t Rostock, Projekt Virtuelles Kulturlandschaftslaboratorium (VKLandLab) &#8211; <a href=\"http:\/\/www.vklandlab.uni-Rostock.de\">www.vklandlab.uni-Rostock.de<\/a>.<\/p>\n","protected":false},"excerpt":{"rendered":"<p>Zwischen Lieps und Havelquelle sind in den historischen Messtischbl\u00e4ttern aus den 1880er Jahren insgesamt neun M\u00fchlen verzeichnet. Bei sieben dieser M\u00fchlen handelte es sich um ober- oder unterschl\u00e4chtige Wasserm\u00fchlen und bei zweien um Windm\u00fchlen. Derzeit sind von den Wasserm\u00fchlen nur noch zwei M\u00fchlengeb\u00e4ude vollst\u00e4ndig erhalten. Diese befinden sich in Zippelow und bei Hohenzieritz (Sandm\u00fchle). Von &hellip; <a href=\"https:\/\/kleinvielen-ev.de\/?page_id=4592\" class=\"more-link\"><span class=\"screen-reader-text\">Wind- und Wasserm\u00fchlen<\/span> weiterlesen <span class=\"meta-nav\">&rarr;<\/span><\/a><\/p>\n","protected":false},"author":2,"featured_media":0,"parent":4584,"menu_order":0,"comment_status":"closed","ping_status":"closed","template":"","meta":{"footnotes":""},"_links":{"self":[{"href":"https:\/\/kleinvielen-ev.de\/index.php?rest_route=\/wp\/v2\/pages\/4592"}],"collection":[{"href":"https:\/\/kleinvielen-ev.de\/index.php?rest_route=\/wp\/v2\/pages"}],"about":[{"href":"https:\/\/kleinvielen-ev.de\/index.php?rest_route=\/wp\/v2\/types\/page"}],"author":[{"embeddable":true,"href":"https:\/\/kleinvielen-ev.de\/index.php?rest_route=\/wp\/v2\/users\/2"}],"replies":[{"embeddable":true,"href":"https:\/\/kleinvielen-ev.de\/index.php?rest_route=%2Fwp%2Fv2%2Fcomments&post=4592"}],"version-history":[{"count":14,"href":"https:\/\/kleinvielen-ev.de\/index.php?rest_route=\/wp\/v2\/pages\/4592\/revisions"}],"predecessor-version":[{"id":5076,"href":"https:\/\/kleinvielen-ev.de\/index.php?rest_route=\/wp\/v2\/pages\/4592\/revisions\/5076"}],"up":[{"embeddable":true,"href":"https:\/\/kleinvielen-ev.de\/index.php?rest_route=\/wp\/v2\/pages\/4584"}],"wp:attachment":[{"href":"https:\/\/kleinvielen-ev.de\/index.php?rest_route=%2Fwp%2Fv2%2Fmedia&parent=4592"}],"curies":[{"name":"wp","href":"https:\/\/api.w.org\/{rel}","templated":true}]}}