{"id":4959,"date":"2021-07-14T13:09:04","date_gmt":"2021-07-14T13:09:04","guid":{"rendered":"http:\/\/kleinvielen-ev.de\/?page_id=4959"},"modified":"2021-07-19T12:22:02","modified_gmt":"2021-07-19T12:22:02","slug":"weitere-ziegeleien-zwischen-lieps-und-havelquelle","status":"publish","type":"page","link":"https:\/\/kleinvielen-ev.de\/?page_id=4959","title":{"rendered":"Weitere Ziegeleien zwischen Lieps und Havelquelle"},"content":{"rendered":"<p>Auch n\u00f6rdlich von <strong>Adamsdorf<\/strong> gab es eine Ziegelei. Der einstige Standort findet sich auf der Wiebekingschen Karte von 1786 (siehe Kartenausschnitt) etwas n\u00f6rdlich von dem damals noch Kuhstal genannten Ort.<a href=\"http:\/\/kleinvielen-ev.de\/wp-content\/uploads\/2021\/07\/Ziegelei-Adamsdorf-1786-Kopie.jpg\"><img loading=\"lazy\" decoding=\"async\" class=\" wp-image-4960 alignright\" src=\"http:\/\/kleinvielen-ev.de\/wp-content\/uploads\/2021\/07\/Ziegelei-Adamsdorf-1786-Kopie-1024x564.jpg\" alt=\"\" width=\"340\" height=\"187\" srcset=\"https:\/\/kleinvielen-ev.de\/wp-content\/uploads\/2021\/07\/Ziegelei-Adamsdorf-1786-Kopie-1024x564.jpg 1024w, https:\/\/kleinvielen-ev.de\/wp-content\/uploads\/2021\/07\/Ziegelei-Adamsdorf-1786-Kopie-300x165.jpg 300w, https:\/\/kleinvielen-ev.de\/wp-content\/uploads\/2021\/07\/Ziegelei-Adamsdorf-1786-Kopie-768x423.jpg 768w, https:\/\/kleinvielen-ev.de\/wp-content\/uploads\/2021\/07\/Ziegelei-Adamsdorf-1786-Kopie.jpg 1304w\" sizes=\"(max-width: 340px) 100vw, 340px\" \/><\/a><\/p>\n<p>In den Martinilisten des Kirchspiels Peckatel findet sich unter den Eintragungen f\u00fcr das Jahr 1794 Folgendes: \u201eAuf der ehemaligen Ziegelei wohnt jetzt ein\u00a0 ..Knecht Johan Dewiz\u201c. Und ein Jahr sp\u00e4ter hei\u00dft es, dass unter den Handwerkern ein Ziegelmeister nicht vorhanden ist. Erst 1828 findet sich wieder ein Eintrag \u00fcber einen Ziegler. \u201eDie Adamsdorfer Ziegelei geh\u00f6rt zum Gute Adamsdorf. Wird bewohnt von dem Ziegler [J\u00fcrgen] Below\u2026\u201c. Auch 1830 und 1831 war dies so. 1832 findet sich ein Zusatz: \u201e[\u2026] der keinen Gesellen hat\u201c. B\u00fclow ziegelte vor seiner T\u00e4tigkeit in Adamsdorf wohl im benachbarten Klein Vielen. Die Adamsdorfer Arbeitsstelle verlie\u00df er vermutlich 1833, 1834 wurde er dann wieder in Klein Vielen als Ziegler genannt.<\/p>\n<p>1833 bis 1835 tritt der Ziegler Schr\u00f6der an seine Stelle, ebenfalls ohne Unterst\u00fctzung durch einen Gesellen. 1834 wohnt Schr\u00f6ders Schwiegervater K\u00f6hler dort ebenfalls.<br \/>\n1837 bis 1846 wird weiterhin als Ziegler Schr\u00f6der mit seiner Familie genannt. Die Adamsdorfer Ziegelei scheint in den 1850er oder 1860er Jahren aufgegeben worden zu sein. Vielleicht war das Rohstoffvorkommen ersch\u00f6pft.<br \/>\nAuf dem Messtischblatt von 1884 ist kein Standort mehr zu sehen. Das Gew\u00e4sser, in dessen N\u00e4he die Ziegelei einst stand, existiert noch heute. Nichts aber weist auf die einstige Produktionsst\u00e4tte hin.<\/p>\n<p>Im 18. Jahrhundert wurde wohl auch in der N\u00e4he von <strong>Werder<\/strong> bei Penzlin geziegelt, das zur Gutswirtschaft der von Malzahn in Penzlin geh\u00f6rte, denn dort ist auf der Directorialvermessungskarte von 1757 ein Flurname \u201eZiegel-Breite\u201c erw\u00e4hnt. M\u00f6glicherweise wurde die Ziegelherstellung nach Ersch\u00f6pfung der Rohstoffe in Werder dann nach <strong>Wustrow<\/strong> am Tollensesee verlegt. Dort existierte bis Anfang der 1820er Jahre eine Ziegelei. 1822 oder 1823 stellte sie den Betrieb m\u00f6glicherweise ein.<\/p>\n<p>Im Mecklenburg-Strelitzschen <strong>Schillersdorf<\/strong>, an der Grenze zum Gro\u00dfherzogtum Mecklenburg-Schwerin, wurde eine Ziegelei 1824 von dem Lohnziegler Friedrich Relitz betrieben.<\/p>\n<p><strong>Quellen:<br \/>\n<\/strong>Charte von den Herzogln Cabinets G\u00fcthern Hohenzieritz Prillwitz c.p. und Ziplow, gezeichnet von Joh. Siemers 1796. LHA Schwerin SN 12-12-1 S-2018-107-008.<br \/>\nEngel, F. (Hg.) 1961\u00a0ff.: Historischer Atlas von Mecklenburg. Sonderreihe: Wiebekingsche Karten Bl. 1\u201342, hier: Ausschnitt Bl. 34 Penzlin; gezeichnet von C.F. Wiebeking auf Grund der Flurkarten der meckl. Direktorialvermessung von 1765\/80.<br \/>\n(Gro\u00df)Herzoglich Mecklenburg-Schwerinscher Staats-Kalender. Schwerin. Verschiedene Jahrg\u00e4nge 1776\u20131908.<br \/>\nLHA Schwerin, Martinilisten des Kirchspiels Peckatel, verschiedene Jahre zwischen 1794 und 1871.<\/p>\n","protected":false},"excerpt":{"rendered":"<p>Auch n\u00f6rdlich von Adamsdorf gab es eine Ziegelei. Der einstige Standort findet sich auf der Wiebekingschen Karte von 1786 (siehe Kartenausschnitt) etwas n\u00f6rdlich von dem damals noch Kuhstal genannten Ort. In den Martinilisten des Kirchspiels Peckatel findet sich unter den Eintragungen f\u00fcr das Jahr 1794 Folgendes: \u201eAuf der ehemaligen Ziegelei wohnt jetzt ein\u00a0 ..Knecht Johan &hellip; <a href=\"https:\/\/kleinvielen-ev.de\/?page_id=4959\" class=\"more-link\"><span class=\"screen-reader-text\">Weitere Ziegeleien zwischen Lieps und Havelquelle<\/span> weiterlesen <span class=\"meta-nav\">&rarr;<\/span><\/a><\/p>\n","protected":false},"author":2,"featured_media":0,"parent":4596,"menu_order":0,"comment_status":"closed","ping_status":"closed","template":"","meta":{"footnotes":""},"_links":{"self":[{"href":"https:\/\/kleinvielen-ev.de\/index.php?rest_route=\/wp\/v2\/pages\/4959"}],"collection":[{"href":"https:\/\/kleinvielen-ev.de\/index.php?rest_route=\/wp\/v2\/pages"}],"about":[{"href":"https:\/\/kleinvielen-ev.de\/index.php?rest_route=\/wp\/v2\/types\/page"}],"author":[{"embeddable":true,"href":"https:\/\/kleinvielen-ev.de\/index.php?rest_route=\/wp\/v2\/users\/2"}],"replies":[{"embeddable":true,"href":"https:\/\/kleinvielen-ev.de\/index.php?rest_route=%2Fwp%2Fv2%2Fcomments&post=4959"}],"version-history":[{"count":10,"href":"https:\/\/kleinvielen-ev.de\/index.php?rest_route=\/wp\/v2\/pages\/4959\/revisions"}],"predecessor-version":[{"id":4993,"href":"https:\/\/kleinvielen-ev.de\/index.php?rest_route=\/wp\/v2\/pages\/4959\/revisions\/4993"}],"up":[{"embeddable":true,"href":"https:\/\/kleinvielen-ev.de\/index.php?rest_route=\/wp\/v2\/pages\/4596"}],"wp:attachment":[{"href":"https:\/\/kleinvielen-ev.de\/index.php?rest_route=%2Fwp%2Fv2%2Fmedia&parent=4959"}],"curies":[{"name":"wp","href":"https:\/\/api.w.org\/{rel}","templated":true}]}}