{"id":5659,"date":"2022-10-27T08:52:16","date_gmt":"2022-10-27T08:52:16","guid":{"rendered":"http:\/\/kleinvielen-ev.de\/?page_id=5659"},"modified":"2025-10-02T13:02:38","modified_gmt":"2025-10-02T12:02:38","slug":"die-jahn-kapelle-in-klein-vielen","status":"publish","type":"page","link":"https:\/\/kleinvielen-ev.de\/?page_id=5659","title":{"rendered":"Das Buch \u00fcber die Jahn-Kapelle"},"content":{"rendered":"<h3>Ein Kleinod in der Mecklenburgischen<br \/>\nSeenplatte. Die Jahn-Kapelle in Klein Vielen.<\/h3>\n<p><a href=\"http:\/\/kleinvielen-ev.de\/wp-content\/uploads\/2022\/10\/22-06784_umschlag-S-1.jpg\"><img loading=\"lazy\" decoding=\"async\" class=\" wp-image-5660 alignright\" src=\"http:\/\/kleinvielen-ev.de\/wp-content\/uploads\/2022\/10\/22-06784_umschlag-S-1-216x300.jpg\" alt=\"\" width=\"150\" height=\"208\" srcset=\"https:\/\/kleinvielen-ev.de\/wp-content\/uploads\/2022\/10\/22-06784_umschlag-S-1-216x300.jpg 216w, https:\/\/kleinvielen-ev.de\/wp-content\/uploads\/2022\/10\/22-06784_umschlag-S-1-768x1068.jpg 768w, https:\/\/kleinvielen-ev.de\/wp-content\/uploads\/2022\/10\/22-06784_umschlag-S-1-736x1024.jpg 736w, https:\/\/kleinvielen-ev.de\/wp-content\/uploads\/2022\/10\/22-06784_umschlag-S-1.jpg 1333w\" sizes=\"(max-width: 150px) 100vw, 150px\" \/><\/a><\/p>\n<p>Von Hermann Behrens<br \/>\nSteffen Media Friedland 2022.<br \/>\n228 Seiten, reich bebildert, Hardcover<br \/>\nISBN: 978-3-948995-13-3. Preis: 24,95 Euro<\/p>\n<p>Im mecklenburgischen Dorf Klein Vielen lie\u00df der Gutsbesitzer Eduard Jahn in der zweiten H\u00e4lfte des 19. Jahrhunderts auf einem H\u00fcgel weit au\u00dferhalb des Ortes zu Ehren seiner verstorbenen Frau eine au\u00dfergew\u00f6hnliche Kapelle errichten \u2013 h\u00f6chstwahrscheinlich nach einem Entwurf des gro\u00dfherzoglichen Oberbaurats Friedrich Wilhelm Buttel.<br \/>\nMehr als ein Jahrhundert lang verfiel das Bauwerk. Gl\u00fcckliche Umst\u00e4nde und viel Engagement f\u00fchrten dazu, dass es in den Jahren 2016 bis 2022 saniert werden konnte.<br \/>\nWarum wurde die Kapelle errichtet? Warum wurde sie nicht geweiht?<br \/>\nWar der gro\u00dfherzogliche Oberbaurat Friedrich Wilhelm Buttel der Architekt?<br \/>\nWoher stammte die Klein Vielener Gutsbesitzerfamilie Jahn und warum landete sie in Klein Vielen? Gibt es eine Verwandtschaft zum &#8222;Turnvater&#8220; Jahn?<br \/>\nWarum verfiel die Kapelle?<br \/>\nUnd wie gelang die Sanierung des bereits ruin\u00f6sen Bauwerks?<br \/>\nDiese und andere Fragen beantwortet der Autor auf einer langen kultur- und familiengeschichtlichen Reise.<br \/>\nHier finden Sie<a href=\"http:\/\/kleinvielen-ev.de\/wp-content\/uploads\/2022\/11\/Behrens-2022-Inhaltsverzeichnis-Vorwort.pdf\"><strong> Inhaltsverzeichnis und Vorwort<\/strong> <\/a>des Buches.<\/p>\n<p>Sie k\u00f6nnen das Buch hier bestellen: <a href=\"https:\/\/www.steffen-verlag.de\/buch\/ein-kleinod-in-der-mecklenburgischen-seenplatte\/\"><strong>Steffen Media<\/strong><\/a><\/p>\n<p>&nbsp;<\/p>\n<div class=\"entry-content\">\n<p>&nbsp;<\/p>\n<\/div>\n","protected":false},"excerpt":{"rendered":"<p>Ein Kleinod in der Mecklenburgischen Seenplatte. Die Jahn-Kapelle in Klein Vielen. Von Hermann Behrens Steffen Media Friedland 2022. 228 Seiten, reich bebildert, Hardcover ISBN: 978-3-948995-13-3. Preis: 24,95 Euro Im mecklenburgischen Dorf Klein Vielen lie\u00df der Gutsbesitzer Eduard Jahn in der zweiten H\u00e4lfte des 19. Jahrhunderts auf einem H\u00fcgel weit au\u00dferhalb des Ortes zu Ehren seiner &hellip; <a href=\"https:\/\/kleinvielen-ev.de\/?page_id=5659\" class=\"more-link\"><span class=\"screen-reader-text\">Das Buch \u00fcber die Jahn-Kapelle<\/span> weiterlesen <span class=\"meta-nav\">&rarr;<\/span><\/a><\/p>\n","protected":false},"author":2,"featured_media":0,"parent":17,"menu_order":0,"comment_status":"closed","ping_status":"closed","template":"","meta":{"footnotes":""},"_links":{"self":[{"href":"https:\/\/kleinvielen-ev.de\/index.php?rest_route=\/wp\/v2\/pages\/5659"}],"collection":[{"href":"https:\/\/kleinvielen-ev.de\/index.php?rest_route=\/wp\/v2\/pages"}],"about":[{"href":"https:\/\/kleinvielen-ev.de\/index.php?rest_route=\/wp\/v2\/types\/page"}],"author":[{"embeddable":true,"href":"https:\/\/kleinvielen-ev.de\/index.php?rest_route=\/wp\/v2\/users\/2"}],"replies":[{"embeddable":true,"href":"https:\/\/kleinvielen-ev.de\/index.php?rest_route=%2Fwp%2Fv2%2Fcomments&post=5659"}],"version-history":[{"count":22,"href":"https:\/\/kleinvielen-ev.de\/index.php?rest_route=\/wp\/v2\/pages\/5659\/revisions"}],"predecessor-version":[{"id":5758,"href":"https:\/\/kleinvielen-ev.de\/index.php?rest_route=\/wp\/v2\/pages\/5659\/revisions\/5758"}],"up":[{"embeddable":true,"href":"https:\/\/kleinvielen-ev.de\/index.php?rest_route=\/wp\/v2\/pages\/17"}],"wp:attachment":[{"href":"https:\/\/kleinvielen-ev.de\/index.php?rest_route=%2Fwp%2Fv2%2Fmedia&parent=5659"}],"curies":[{"name":"wp","href":"https:\/\/api.w.org\/{rel}","templated":true}]}}