{"id":5913,"date":"2023-04-02T16:14:31","date_gmt":"2023-04-02T16:14:31","guid":{"rendered":"http:\/\/kleinvielen-ev.de\/?page_id=5913"},"modified":"2024-07-20T16:01:50","modified_gmt":"2024-07-20T15:01:50","slug":"arbeitsgruppe-denkmalschutz-und-denkmalpflege","status":"publish","type":"page","link":"https:\/\/kleinvielen-ev.de\/?page_id=5913","title":{"rendered":"Arbeitsgruppe Denkmalschutz und Denkmalpflege"},"content":{"rendered":"<h5>Zur Gr\u00fcndung der Arbeitsgruppe Denkmalschutz und Denkmalpflege im Klein Vielen e. V.<\/h5>\n<p>Im Rahmen der ordentlichen Jahresmitgliederversammlung des Klein Vielen e.V. am 24.2.2023 haben einige Mitglieder eine Arbeitsgruppe (AG) Denkmalschutz \/ Denkmalpflege gegr\u00fcndet, die die Gemeinde Klein Vielen vor allem bei der Pflege der denkmalgesch\u00fctzten <a href=\"http:\/\/kleinvielen-ev.de\/?page_id=83\"><strong>Jahn-Kapelle<\/strong><\/a> und ihres ebenso gesch\u00fctzten Umfeldes (Klingenberg und Park) unterst\u00fctzen wird. Dabei geht es unter anderem auch um m\u00f6gliche Veranstaltungen in der Jahn-Kapelle. Der Denkmalschutz ist in der Satzung des Vereins seit der Gr\u00fcndung verankert und erf\u00e4hrt nun eine besondere Betonung.<br \/>\nHintergrund f\u00fcr die Gr\u00fcndung der AG ist, dass sich Ende 2022\u00a0 der F\u00f6rderverein Jahn-Kapelle Klein Vielen e. V., der am 10. April 2015, vor Beginn der Sanierung, die im Jahre 2016 begann, eigens gegr\u00fcndet wurde, um den Sanierungsprozess zu unterst\u00fctzen, aufgel\u00f6st hat, da er seinen Zweck im Wesentlichen erf\u00fcllt sah. Ein Teil der Aktiven des ehemaligen F\u00f6rdervereins arbeitet nun in der AG des Klein Vielen e. V. weiter.<\/p>\n","protected":false},"excerpt":{"rendered":"<p>Zur Gr\u00fcndung der Arbeitsgruppe Denkmalschutz und Denkmalpflege im Klein Vielen e. V. Im Rahmen der ordentlichen Jahresmitgliederversammlung des Klein Vielen e.V. am 24.2.2023 haben einige Mitglieder eine Arbeitsgruppe (AG) Denkmalschutz \/ Denkmalpflege gegr\u00fcndet, die die Gemeinde Klein Vielen vor allem bei der Pflege der denkmalgesch\u00fctzten Jahn-Kapelle und ihres ebenso gesch\u00fctzten Umfeldes (Klingenberg und Park) unterst\u00fctzen &hellip; <a href=\"https:\/\/kleinvielen-ev.de\/?page_id=5913\" class=\"more-link\"><span class=\"screen-reader-text\">Arbeitsgruppe Denkmalschutz und Denkmalpflege<\/span> weiterlesen <span class=\"meta-nav\">&rarr;<\/span><\/a><\/p>\n","protected":false},"author":2,"featured_media":0,"parent":11,"menu_order":0,"comment_status":"closed","ping_status":"closed","template":"","meta":{"footnotes":""},"_links":{"self":[{"href":"https:\/\/kleinvielen-ev.de\/index.php?rest_route=\/wp\/v2\/pages\/5913"}],"collection":[{"href":"https:\/\/kleinvielen-ev.de\/index.php?rest_route=\/wp\/v2\/pages"}],"about":[{"href":"https:\/\/kleinvielen-ev.de\/index.php?rest_route=\/wp\/v2\/types\/page"}],"author":[{"embeddable":true,"href":"https:\/\/kleinvielen-ev.de\/index.php?rest_route=\/wp\/v2\/users\/2"}],"replies":[{"embeddable":true,"href":"https:\/\/kleinvielen-ev.de\/index.php?rest_route=%2Fwp%2Fv2%2Fcomments&post=5913"}],"version-history":[{"count":16,"href":"https:\/\/kleinvielen-ev.de\/index.php?rest_route=\/wp\/v2\/pages\/5913\/revisions"}],"predecessor-version":[{"id":6565,"href":"https:\/\/kleinvielen-ev.de\/index.php?rest_route=\/wp\/v2\/pages\/5913\/revisions\/6565"}],"up":[{"embeddable":true,"href":"https:\/\/kleinvielen-ev.de\/index.php?rest_route=\/wp\/v2\/pages\/11"}],"wp:attachment":[{"href":"https:\/\/kleinvielen-ev.de\/index.php?rest_route=%2Fwp%2Fv2%2Fmedia&parent=5913"}],"curies":[{"name":"wp","href":"https:\/\/api.w.org\/{rel}","templated":true}]}}