{"id":67,"date":"2016-10-26T11:41:14","date_gmt":"2016-10-26T11:41:14","guid":{"rendered":"http:\/\/kleinvielen-ev.de\/?page_id=67"},"modified":"2024-07-20T15:46:17","modified_gmt":"2024-07-20T14:46:17","slug":"nationalpark-mueritz","status":"publish","type":"page","link":"https:\/\/kleinvielen-ev.de\/?page_id=67","title":{"rendered":"M\u00fcritz-Nationalpark"},"content":{"rendered":"<p>Die Gemeinde Klein Vielen grenzt im Westen an den Westteil des <a href=\"http:\/\/kleinvielen-ev.de\/wp-content\/uploads\/2016\/10\/IMG_0977.jpg\"><img loading=\"lazy\" decoding=\"async\" class=\"size-medium wp-image-714 alignright\" src=\"http:\/\/kleinvielen-ev.de\/wp-content\/uploads\/2016\/10\/IMG_0977-200x300.jpg\" alt=\"img_0977\" width=\"200\" height=\"300\" srcset=\"https:\/\/kleinvielen-ev.de\/wp-content\/uploads\/2016\/10\/IMG_0977-200x300.jpg 200w, https:\/\/kleinvielen-ev.de\/wp-content\/uploads\/2016\/10\/IMG_0977-683x1024.jpg 683w, https:\/\/kleinvielen-ev.de\/wp-content\/uploads\/2016\/10\/IMG_0977.jpg 709w\" sizes=\"(max-width: 200px) 100vw, 200px\" \/><\/a><br \/>\nM\u00fcritz-Nationalparks an. In der Nachbargemeinde Hohenzieritz befindet sich der Sitz der Nationalpark-Verwaltung (Schloss Hohenzieritz).<br \/>\nGeringe Anteile des Gemeindegebietes liegen im Nationalpark.<br \/>\nEtwa 20 Kilometer s\u00fcd\u00f6stlich von der Gemeinde liegt der Nationalparkteil Serrahn.<br \/>\nDie Gemeinde Klein Vielen ist nach herrschendem Verst\u00e4ndnis kein \u201eklassischer\u201c Eingangsort zum Nationalpark wie etwa Granzin, Boek oder Federow, obwohl das zur Gemeinde geh\u00f6rende Dorf Peckatel in den anf\u00e4nglichen Planungen f\u00fcr den Nationalpark Anfang der 1990er Jahre sogar ein Eingangsort werden sollte.<br \/>\n<a href=\"http:\/\/www.mueritz-nationalpark.de\"><strong>Hier<\/strong> <\/a>geht es zum Internetauftritt des Nationalparks M\u00fcritz.<\/p>\n<p>Foto: Im Waldgebiet Serrahn. H.B. 2012<\/p>\n","protected":false},"excerpt":{"rendered":"<p>Die Gemeinde Klein Vielen grenzt im Westen an den Westteil des M\u00fcritz-Nationalparks an. In der Nachbargemeinde Hohenzieritz befindet sich der Sitz der Nationalpark-Verwaltung (Schloss Hohenzieritz). Geringe Anteile des Gemeindegebietes liegen im Nationalpark. Etwa 20 Kilometer s\u00fcd\u00f6stlich von der Gemeinde liegt der Nationalparkteil Serrahn. Die Gemeinde Klein Vielen ist nach herrschendem Verst\u00e4ndnis kein \u201eklassischer\u201c Eingangsort zum &hellip; <a href=\"https:\/\/kleinvielen-ev.de\/?page_id=67\" class=\"more-link\"><span class=\"screen-reader-text\">M\u00fcritz-Nationalpark<\/span> weiterlesen <span class=\"meta-nav\">&rarr;<\/span><\/a><\/p>\n","protected":false},"author":1,"featured_media":0,"parent":71,"menu_order":0,"comment_status":"closed","ping_status":"closed","template":"","meta":{"footnotes":""},"_links":{"self":[{"href":"https:\/\/kleinvielen-ev.de\/index.php?rest_route=\/wp\/v2\/pages\/67"}],"collection":[{"href":"https:\/\/kleinvielen-ev.de\/index.php?rest_route=\/wp\/v2\/pages"}],"about":[{"href":"https:\/\/kleinvielen-ev.de\/index.php?rest_route=\/wp\/v2\/types\/page"}],"author":[{"embeddable":true,"href":"https:\/\/kleinvielen-ev.de\/index.php?rest_route=\/wp\/v2\/users\/1"}],"replies":[{"embeddable":true,"href":"https:\/\/kleinvielen-ev.de\/index.php?rest_route=%2Fwp%2Fv2%2Fcomments&post=67"}],"version-history":[{"count":9,"href":"https:\/\/kleinvielen-ev.de\/index.php?rest_route=\/wp\/v2\/pages\/67\/revisions"}],"predecessor-version":[{"id":6554,"href":"https:\/\/kleinvielen-ev.de\/index.php?rest_route=\/wp\/v2\/pages\/67\/revisions\/6554"}],"up":[{"embeddable":true,"href":"https:\/\/kleinvielen-ev.de\/index.php?rest_route=\/wp\/v2\/pages\/71"}],"wp:attachment":[{"href":"https:\/\/kleinvielen-ev.de\/index.php?rest_route=%2Fwp%2Fv2%2Fmedia&parent=67"}],"curies":[{"name":"wp","href":"https:\/\/api.w.org\/{rel}","templated":true}]}}