{"id":85,"date":"2016-10-26T11:42:46","date_gmt":"2016-10-26T11:42:46","guid":{"rendered":"http:\/\/kleinvielen-ev.de\/?page_id=85"},"modified":"2021-07-07T18:42:44","modified_gmt":"2021-07-07T18:42:44","slug":"die-kirche-in-liepen","status":"publish","type":"page","link":"https:\/\/kleinvielen-ev.de\/?page_id=85","title":{"rendered":"Die Kirche in Liepen"},"content":{"rendered":"<p>Die erste Liepener Kirche stammte vermutlich aus dem 13. Jahrhundert. 1888 wurde eine neue, in neugothischer Architektur aus Feldstein und Ziegeln gebaute, Kirche geweiht. Si<a href=\"http:\/\/kleinvielen-ev.de\/wp-content\/uploads\/2016\/10\/Kirche-Liepen-Kopie.jpg\"><img loading=\"lazy\" decoding=\"async\" class=\"wp-image-307 alignright\" src=\"http:\/\/kleinvielen-ev.de\/wp-content\/uploads\/2016\/10\/Kirche-Liepen-Kopie-225x300.jpg\" alt=\"kirche-liepen-kopie\" width=\"182\" height=\"242\" srcset=\"https:\/\/kleinvielen-ev.de\/wp-content\/uploads\/2016\/10\/Kirche-Liepen-Kopie-225x300.jpg 225w, https:\/\/kleinvielen-ev.de\/wp-content\/uploads\/2016\/10\/Kirche-Liepen-Kopie.jpg 709w\" sizes=\"(max-width: 182px) 100vw, 182px\" \/><\/a>e dient den Gl\u00e4ubigen aus Liepen, Adamsdorf und Langhagen seitdem als Gotteshaus.<\/p>\n<p>Als 1880 Freiherr von Kap-herr das Gut Klein Vielen mit Hartwigshof erwarb und 1884 auch noch Adamsdorf mit Liepen kaufte, lie\u00df er alle Strohd\u00e4cher in den Orten beseitigen und neue Geb\u00e4ude mit Hartd\u00e4chern errichten. Dazu geh\u00f6rten die Lieper Kirche und die Lieper Schule.<br \/>\nDas bis heute erhalten gebliebene ehemalige Schulgeb\u00e4ude wird jetzt als Wohnhaus genutzt.<\/p>\n<p>Die Kirche ist mit Blick auf ihre idyllische Lage und in ihrer bescheidenen Anlage mit ihrem kleinen Friedhof sehenswert. Das Foto zeigt die Kirche im Jahre 2013.<\/p>\n<p>Foto: H. Behrens 2002<\/p>\n","protected":false},"excerpt":{"rendered":"<p>Die erste Liepener Kirche stammte vermutlich aus dem 13. Jahrhundert. 1888 wurde eine neue, in neugothischer Architektur aus Feldstein und Ziegeln gebaute, Kirche geweiht. Sie dient den Gl\u00e4ubigen aus Liepen, Adamsdorf und Langhagen seitdem als Gotteshaus. Als 1880 Freiherr von Kap-herr das Gut Klein Vielen mit Hartwigshof erwarb und 1884 auch noch Adamsdorf mit Liepen &hellip; <a href=\"https:\/\/kleinvielen-ev.de\/?page_id=85\" class=\"more-link\"><span class=\"screen-reader-text\">Die Kirche in Liepen<\/span> weiterlesen <span class=\"meta-nav\">&rarr;<\/span><\/a><\/p>\n","protected":false},"author":1,"featured_media":0,"parent":4169,"menu_order":0,"comment_status":"closed","ping_status":"closed","template":"","meta":{"footnotes":""},"_links":{"self":[{"href":"https:\/\/kleinvielen-ev.de\/index.php?rest_route=\/wp\/v2\/pages\/85"}],"collection":[{"href":"https:\/\/kleinvielen-ev.de\/index.php?rest_route=\/wp\/v2\/pages"}],"about":[{"href":"https:\/\/kleinvielen-ev.de\/index.php?rest_route=\/wp\/v2\/types\/page"}],"author":[{"embeddable":true,"href":"https:\/\/kleinvielen-ev.de\/index.php?rest_route=\/wp\/v2\/users\/1"}],"replies":[{"embeddable":true,"href":"https:\/\/kleinvielen-ev.de\/index.php?rest_route=%2Fwp%2Fv2%2Fcomments&post=85"}],"version-history":[{"count":16,"href":"https:\/\/kleinvielen-ev.de\/index.php?rest_route=\/wp\/v2\/pages\/85\/revisions"}],"predecessor-version":[{"id":4883,"href":"https:\/\/kleinvielen-ev.de\/index.php?rest_route=\/wp\/v2\/pages\/85\/revisions\/4883"}],"up":[{"embeddable":true,"href":"https:\/\/kleinvielen-ev.de\/index.php?rest_route=\/wp\/v2\/pages\/4169"}],"wp:attachment":[{"href":"https:\/\/kleinvielen-ev.de\/index.php?rest_route=%2Fwp%2Fv2%2Fmedia&parent=85"}],"curies":[{"name":"wp","href":"https:\/\/api.w.org\/{rel}","templated":true}]}}